Last updated on 2025-04-30 04:50:17 CEST.
Flavor | Version | Tinstall | Tcheck | Ttotal | Status | Flags |
---|---|---|---|---|---|---|
r-devel-linux-x86_64-debian-clang | 2.1 | 2.57 | 26.58 | 29.15 | NOTE | |
r-devel-linux-x86_64-debian-gcc | 2.1 | 1.94 | 20.80 | 22.74 | NOTE | |
r-devel-linux-x86_64-fedora-clang | 2.1 | 48.08 | NOTE | |||
r-devel-linux-x86_64-fedora-gcc | 2.1 | 58.79 | NOTE | |||
r-devel-windows-x86_64 | 2.1 | 4.00 | 51.00 | 55.00 | NOTE | |
r-patched-linux-x86_64 | 2.1 | 3.05 | 25.41 | 28.46 | NOTE | |
r-release-linux-x86_64 | 2.1 | 2.30 | 25.48 | 27.78 | NOTE | |
r-release-macos-arm64 | 2.1 | 24.00 | NOTE | |||
r-release-macos-x86_64 | 2.1 | 44.00 | NOTE | |||
r-release-windows-x86_64 | 2.1 | 4.00 | 47.00 | 51.00 | NOTE | |
r-oldrel-macos-arm64 | 2.1 | 23.00 | NOTE | |||
r-oldrel-macos-x86_64 | 2.1 | 34.00 | NOTE | |||
r-oldrel-windows-x86_64 | 2.1 | 4.00 | 51.00 | 55.00 | NOTE |
Version: 2.1
Check: Rd files
Result: NOTE
checkRd: (-1) predict.robu.Rd:36-42: Lost braces in \itemize; meant \describe ?
checkRd: (-1) predict.robu.Rd:43-49: Lost braces in \itemize; meant \describe ?
checkRd: (-1) predict.robu.Rd:50-55: Lost braces in \itemize; meant \describe ?
Flavors: r-devel-linux-x86_64-debian-clang, r-devel-linux-x86_64-debian-gcc, r-devel-linux-x86_64-fedora-clang, r-devel-linux-x86_64-fedora-gcc, r-devel-windows-x86_64, r-patched-linux-x86_64, r-release-linux-x86_64, r-release-macos-arm64, r-release-macos-x86_64, r-release-windows-x86_64, r-oldrel-macos-arm64, r-oldrel-macos-x86_64, r-oldrel-windows-x86_64