Last updated on 2025-02-21 03:52:24 CET.
Flavor | Version | Tinstall | Tcheck | Ttotal | Status | Flags |
---|---|---|---|---|---|---|
r-devel-linux-x86_64-debian-clang | 0.8.1 | 90.06 | 113.52 | 203.58 | OK | |
r-devel-linux-x86_64-debian-gcc | 0.8.1 | 63.65 | 76.54 | 140.19 | OK | |
r-devel-linux-x86_64-fedora-clang | 0.8.1 | 347.07 | OK | |||
r-devel-linux-x86_64-fedora-gcc | 0.8.1 | 330.59 | OK | |||
r-devel-macos-arm64 | 0.8.1 | 84.00 | OK | |||
r-devel-macos-x86_64 | 0.8.1 | 186.00 | OK | |||
r-devel-windows-x86_64 | 0.8.1 | 93.00 | 149.00 | 242.00 | OK | |
r-patched-linux-x86_64 | 0.8.1 | 82.21 | 101.52 | 183.73 | OK | |
r-release-linux-x86_64 | 0.8.1 | 86.43 | 101.45 | 187.88 | OK | |
r-release-macos-arm64 | 0.8.1 | 89.00 | NOTE | |||
r-release-macos-x86_64 | 0.8.1 | 183.00 | NOTE | |||
r-release-windows-x86_64 | 0.8.1 | 95.00 | 146.00 | 241.00 | OK | |
r-oldrel-macos-arm64 | 0.8.1 | 104.00 | NOTE | |||
r-oldrel-macos-x86_64 | 0.8.1 | 127.00 | NOTE | |||
r-oldrel-windows-x86_64 | 0.8.1 | 112.00 | 174.00 | 286.00 | OK |
Version: 0.8.1
Check: installed package size
Result: NOTE
installed size is 6.9Mb
sub-directories of 1Mb or more:
data 1.5Mb
libs 4.9Mb
Flavors: r-release-macos-arm64, r-release-macos-x86_64, r-oldrel-macos-arm64, r-oldrel-macos-x86_64