CRAN Package Check Results for Package robustfa

Last updated on 2025-04-30 04:50:17 CEST.

Flavor Version Tinstall Tcheck Ttotal Status Flags
r-devel-linux-x86_64-debian-clang 1.1-0 6.33 71.38 77.71 NOTE
r-devel-linux-x86_64-debian-gcc 1.1-0 3.53 53.36 56.89 NOTE
r-devel-linux-x86_64-fedora-clang 1.1-0 121.58 OK
r-devel-linux-x86_64-fedora-gcc 1.1-0 131.06 OK
r-devel-windows-x86_64 1.1-0 7.00 120.00 127.00 NOTE
r-patched-linux-x86_64 1.1-0 6.09 68.86 74.95 NOTE
r-release-linux-x86_64 1.1-0 4.14 68.75 72.89 NOTE
r-release-macos-arm64 1.1-0 66.00 OK
r-release-macos-x86_64 1.1-0 97.00 OK
r-release-windows-x86_64 1.1-0 7.00 118.00 125.00 NOTE
r-oldrel-macos-arm64 1.1-0 46.00 OK
r-oldrel-macos-x86_64 1.1-0 122.00 OK
r-oldrel-windows-x86_64 1.1-0 10.00 128.00 138.00 OK

Check Details

Version: 1.1-0
Check: Rd cross-references
Result: NOTE Found the following Rd file(s) with Rd \link{} targets missing package anchors: FaCov.Rd: CovControl-class, CovControlMcd-class, CovMcd, CovClassic myplotDD.Rd: CovClassic, getDistance Please provide package anchors for all Rd \link{} targets not in the package itself and the base packages. Flavors: r-devel-linux-x86_64-debian-clang, r-devel-linux-x86_64-debian-gcc, r-devel-windows-x86_64, r-patched-linux-x86_64, r-release-linux-x86_64, r-release-windows-x86_64