CRAN Package Check Results for Package robustlmm

Last updated on 2025-04-30 04:50:17 CEST.

Flavor Version Tinstall Tcheck Ttotal Status Flags
r-devel-linux-x86_64-debian-clang 3.3-1 47.73 301.23 348.96 NOTE
r-devel-linux-x86_64-debian-gcc 3.3-1 33.85 209.32 243.17 NOTE
r-devel-linux-x86_64-fedora-clang 3.3-1 532.24 OK
r-devel-linux-x86_64-fedora-gcc 3.3-1 544.43 OK
r-devel-windows-x86_64 3.3-1 54.00 326.00 380.00 NOTE
r-patched-linux-x86_64 3.3-1 50.38 285.60 335.98 NOTE
r-release-linux-x86_64 3.3-1 49.29 285.52 334.81 NOTE
r-release-macos-arm64 3.3-1 167.00 OK
r-release-macos-x86_64 3.3-1 371.00 OK
r-release-windows-x86_64 3.3-1 55.00 337.00 392.00 NOTE
r-oldrel-macos-arm64 3.3-1 156.00 NOTE
r-oldrel-macos-x86_64 3.3-1 222.00 NOTE
r-oldrel-windows-x86_64 3.3-1 63.00 419.00 482.00 NOTE

Check Details

Version: 3.3-1
Check: CRAN incoming feasibility
Result: NOTE Maintainer: ‘Manuel Koller <kollerma@proton.me>’ No Authors@R field in DESCRIPTION. Please add one, modifying Authors@R: person(given = "Manuel", family = "Koller", role = c("aut", "cre"), email = "kollerma@proton.me") as necessary. Flavors: r-devel-linux-x86_64-debian-clang, r-devel-linux-x86_64-debian-gcc

Version: 3.3-1
Check: Rd cross-references
Result: NOTE Found the following Rd file(s) with Rd \link{} targets missing package anchors: compare.Rd: xtable, print.xtable fitDatasets.Rd: lmer getME.Rd: merMod-class, fixef, glmer, glmerControl, ranef prepareMixedEffectDataset.Rd: lmer processFit.Rd: lmer rlmer.Rd: lmer rlmerMod-class.Rd: lmer, fixef.merMod, isGLMM, isLMM, isNLMM, isREML, predict.merMod, ranef.merMod, VarCorr.merMod, merMod robustlmm-package.Rd: lmer, lme4 Please provide package anchors for all Rd \link{} targets not in the package itself and the base packages. Flavors: r-devel-linux-x86_64-debian-clang, r-devel-linux-x86_64-debian-gcc, r-devel-windows-x86_64, r-patched-linux-x86_64, r-release-linux-x86_64, r-release-windows-x86_64

Version: 3.3-1
Check: examples
Result: NOTE Examples with CPU (user + system) or elapsed time > 5s user system elapsed generateAnovaDatasets 5.173 0.393 7.235 Flavor: r-devel-linux-x86_64-debian-clang

Version: 3.3-1
Check: examples
Result: NOTE Examples with CPU (user + system) or elapsed time > 5s user system elapsed generateAnovaDatasets 3.562 0.658 5.031 Flavor: r-devel-linux-x86_64-debian-gcc

Version: 3.3-1
Check: installed package size
Result: NOTE installed size is 9.2Mb sub-directories of 1Mb or more: doc 1.7Mb libs 5.2Mb simulationStudy 1.5Mb Flavors: r-oldrel-macos-arm64, r-oldrel-macos-x86_64, r-oldrel-windows-x86_64