Last updated on 2025-04-30 04:50:17 CEST.
Flavor | Version | Tinstall | Tcheck | Ttotal | Status | Flags |
---|---|---|---|---|---|---|
r-devel-linux-x86_64-debian-clang | 0.1-11 | 34.41 | 52.19 | 86.60 | NOTE | |
r-devel-linux-x86_64-debian-gcc | 0.1-11 | 22.43 | 39.41 | 61.84 | NOTE | |
r-devel-linux-x86_64-fedora-clang | 0.1-11 | 149.80 | OK | |||
r-devel-linux-x86_64-fedora-gcc | 0.1-11 | 135.47 | OK | |||
r-devel-windows-x86_64 | 0.1-11 | 39.00 | 94.00 | 133.00 | OK | |
r-patched-linux-x86_64 | 0.1-11 | 30.06 | 49.75 | 79.81 | OK | |
r-release-linux-x86_64 | 0.1-11 | 31.90 | 49.56 | 81.46 | OK | |
r-release-macos-arm64 | 0.1-11 | 44.00 | OK | |||
r-release-macos-x86_64 | 0.1-11 | 64.00 | OK | |||
r-release-windows-x86_64 | 0.1-11 | 39.00 | 91.00 | 130.00 | OK | |
r-oldrel-macos-arm64 | 0.1-11 | 42.00 | OK | |||
r-oldrel-macos-x86_64 | 0.1-11 | 64.00 | OK | |||
r-oldrel-windows-x86_64 | 0.1-11 | 44.00 | 105.00 | 149.00 | OK |
Version: 0.1-11
Check: CRAN incoming feasibility
Result: NOTE
Maintainer: ‘Ian M. Johnson <ijca2013@gmail.com>’
No Authors@R field in DESCRIPTION.
Please add one, modifying
Authors@R: person(given = c("Ian", "M."),
family = "Johnson",
role = c("aut", "cre"),
email = "ijca2013@gmail.com")
as necessary.
Flavors: r-devel-linux-x86_64-debian-clang, r-devel-linux-x86_64-debian-gcc