CRAN Package Check Results for Package robustsur

Last updated on 2025-04-30 04:50:17 CEST.

Flavor Version Tinstall Tcheck Ttotal Status Flags
r-devel-linux-x86_64-debian-clang 0.0-7 11.57 87.78 99.35 NOTE
r-devel-linux-x86_64-debian-gcc 0.0-7 8.41 66.01 74.42 NOTE
r-devel-linux-x86_64-fedora-clang 0.0-7 142.39 OK
r-devel-linux-x86_64-fedora-gcc 0.0-7 135.07 OK
r-devel-windows-x86_64 0.0-7 13.00 99.00 112.00 NOTE
r-patched-linux-x86_64 0.0-7 9.72 83.18 92.90 NOTE
r-release-linux-x86_64 0.0-7 11.29 83.74 95.03 NOTE
r-release-macos-arm64 0.0-7 42.00 OK
r-release-macos-x86_64 0.0-7 74.00 OK
r-release-windows-x86_64 0.0-7 14.00 88.00 102.00 NOTE
r-oldrel-macos-arm64 0.0-7 42.00 OK
r-oldrel-macos-x86_64 0.0-7 62.00 OK
r-oldrel-windows-x86_64 0.0-7 15.00 111.00 126.00 OK

Check Details

Version: 0.0-7
Check: CRAN incoming feasibility
Result: NOTE Maintainer: ‘Claudio Agostinelli <claudio.agostinelli@unitn.it>’ The Description field contains Alqallaf, Claudio Agostinelli (2021) <arXiv:2107.00975>. Please refer to arXiv e-prints via their arXiv DOI <doi:10.48550/arXiv.YYMM.NNNNN>. Flavors: r-devel-linux-x86_64-debian-clang, r-devel-linux-x86_64-debian-gcc

Version: 0.0-7
Check: Rd cross-references
Result: NOTE Found the following Rd file(s) with Rd \link{} targets missing package anchors: surerob.Rd: lmrob Please provide package anchors for all Rd \link{} targets not in the package itself and the base packages. Flavors: r-devel-linux-x86_64-debian-clang, r-devel-linux-x86_64-debian-gcc, r-devel-windows-x86_64, r-patched-linux-x86_64, r-release-linux-x86_64, r-release-windows-x86_64