Last updated on 2025-04-30 04:50:17 CEST.
Flavor | Version | Tinstall | Tcheck | Ttotal | Status | Flags |
---|---|---|---|---|---|---|
r-devel-linux-x86_64-debian-clang | 1.8.157 | 13.69 | 171.31 | 185.00 | NOTE | |
r-devel-linux-x86_64-debian-gcc | 1.8.157 | 8.75 | 127.97 | 136.72 | NOTE | |
r-devel-linux-x86_64-fedora-clang | 1.8.157 | 284.61 | NOTE | |||
r-devel-linux-x86_64-fedora-gcc | 1.8.157 | 287.48 | NOTE | |||
r-devel-windows-x86_64 | 1.8.157 | 14.00 | 272.00 | 286.00 | NOTE | |
r-patched-linux-x86_64 | 1.8.157 | 16.04 | 166.60 | 182.64 | NOTE | |
r-release-linux-x86_64 | 1.8.157 | 13.11 | 166.35 | 179.46 | NOTE | |
r-release-macos-arm64 | 1.8.157 | 120.00 | NOTE | |||
r-release-macos-x86_64 | 1.8.157 | 216.00 | NOTE | |||
r-release-windows-x86_64 | 1.8.157 | 17.00 | 279.00 | 296.00 | NOTE | |
r-oldrel-macos-arm64 | 1.8.157 | 103.00 | NOTE | |||
r-oldrel-macos-x86_64 | 1.8.157 | 141.00 | NOTE | |||
r-oldrel-windows-x86_64 | 1.8.157 | 19.00 | 301.00 | 320.00 | NOTE |
Version: 1.8.157
Check: Rd files
Result: NOTE
checkRd: (-1) descriptiveTable.Rd:18: Lost braces
18 | other object type that does not fail in code{model.frame(object)}.}
| ^
Flavors: r-devel-linux-x86_64-debian-clang, r-devel-linux-x86_64-debian-gcc, r-devel-linux-x86_64-fedora-clang, r-devel-linux-x86_64-fedora-gcc, r-devel-windows-x86_64, r-patched-linux-x86_64, r-release-linux-x86_64, r-release-macos-arm64, r-release-macos-x86_64, r-release-windows-x86_64, r-oldrel-macos-arm64, r-oldrel-macos-x86_64, r-oldrel-windows-x86_64