CRAN Package Check Results for Package rodeo

Last updated on 2025-04-30 04:50:17 CEST.

Flavor Version Tinstall Tcheck Ttotal Status Flags
r-devel-linux-x86_64-debian-clang 0.8.2 5.57 107.99 113.56 NOTE
r-devel-linux-x86_64-debian-gcc 0.8.2 3.33 68.54 71.87 NOTE
r-devel-linux-x86_64-fedora-clang 0.8.2 169.56 OK
r-devel-linux-x86_64-fedora-gcc 0.8.2 171.75 OK
r-devel-windows-x86_64 0.8.2 8.00 217.00 225.00 OK
r-patched-linux-x86_64 0.8.2 5.47 89.23 94.70 OK
r-release-linux-x86_64 0.8.2 4.54 90.32 94.86 OK
r-release-macos-arm64 0.8.2 66.00 OK
r-release-macos-x86_64 0.8.2 125.00 OK
r-release-windows-x86_64 0.8.2 10.00 218.00 228.00 OK
r-oldrel-macos-arm64 0.8.2 73.00 OK
r-oldrel-macos-x86_64 0.8.2 146.00 OK
r-oldrel-windows-x86_64 0.8.2 9.00 208.00 217.00 OK

Check Details

Version: 0.8.2
Check: CRAN incoming feasibility
Result: NOTE Maintainer: ‘David Kneis <david.kneis@tu-dresden.de>’ No Authors@R field in DESCRIPTION. Please add one, modifying Authors@R: person(given = "David", family = "Kneis", role = c("aut", "cre"), email = "david.kneis@tu-dresden.de") as necessary. Flavors: r-devel-linux-x86_64-debian-clang, r-devel-linux-x86_64-debian-gcc