Last updated on 2025-04-30 04:50:17 CEST.
Flavor | Version | Tinstall | Tcheck | Ttotal | Status | Flags |
---|---|---|---|---|---|---|
r-devel-linux-x86_64-debian-clang | 1.0.0 | 35.82 | 166.02 | 201.84 | NOTE | |
r-devel-linux-x86_64-debian-gcc | 1.0.0 | 24.76 | 106.63 | 131.39 | NOTE | |
r-devel-linux-x86_64-fedora-clang | 1.0.0 | 324.74 | NOTE | |||
r-devel-linux-x86_64-fedora-gcc | 1.0.0 | 319.29 | NOTE | |||
r-devel-windows-x86_64 | 1.0.0 | 41.00 | 179.00 | 220.00 | OK | |
r-patched-linux-x86_64 | 1.0.0 | 33.60 | 156.85 | 190.45 | NOTE | |
r-release-linux-x86_64 | 1.0.0 | 34.08 | 157.01 | 191.09 | NOTE | |
r-release-macos-arm64 | 1.0.0 | 84.00 | NOTE | |||
r-release-macos-x86_64 | 1.0.0 | 167.00 | NOTE | |||
r-release-windows-x86_64 | 1.0.0 | 42.00 | 173.00 | 215.00 | OK | |
r-oldrel-macos-arm64 | 1.0.0 | 83.00 | NOTE | |||
r-oldrel-macos-x86_64 | 1.0.0 | 119.00 | NOTE | |||
r-oldrel-windows-x86_64 | 1.0.0 | 51.00 | 246.00 | 297.00 | OK |
Version: 1.0.0
Check: CRAN incoming feasibility
Result: NOTE
Maintainer: ‘Fabio Centofanti <fabio.centofanti@unina.it>’
The Description field contains
described in Centofanti et al. (2021) <arXiv:2112.10643>. It allows
Please refer to arXiv e-prints via their arXiv DOI <doi:10.48550/arXiv.YYMM.NNNNN>.
Flavors: r-devel-linux-x86_64-debian-clang, r-devel-linux-x86_64-debian-gcc
Version: 1.0.0
Check: C++ specification
Result: NOTE
Specified C++11: please drop specification unless essential
Flavors: r-devel-linux-x86_64-debian-clang, r-devel-linux-x86_64-debian-gcc, r-devel-linux-x86_64-fedora-clang, r-devel-linux-x86_64-fedora-gcc, r-patched-linux-x86_64, r-release-linux-x86_64, r-release-macos-arm64, r-release-macos-x86_64, r-oldrel-macos-arm64, r-oldrel-macos-x86_64