CRAN Package Check Results for Package rollinglda

Last updated on 2025-04-30 04:50:17 CEST.

Flavor Version Tinstall Tcheck Ttotal Status Flags
r-devel-linux-x86_64-debian-clang 0.1.3 9.54 125.04 134.58 NOTE
r-devel-linux-x86_64-debian-gcc 0.1.3 6.03 81.65 87.68 NOTE
r-devel-linux-x86_64-fedora-clang 0.1.3 200.97 OK
r-devel-linux-x86_64-fedora-gcc 0.1.3 179.42 OK
r-devel-windows-x86_64 0.1.3 13.00 120.00 133.00 NOTE
r-patched-linux-x86_64 0.1.3 10.35 107.44 117.79 NOTE
r-release-linux-x86_64 0.1.3 9.63 106.45 116.08 NOTE
r-release-macos-arm64 0.1.3 60.00 OK
r-release-macos-x86_64 0.1.3 105.00 OK
r-release-windows-x86_64 0.1.3 15.00 123.00 138.00 NOTE
r-oldrel-macos-arm64 0.1.3 63.00 OK
r-oldrel-macos-x86_64 0.1.3 90.00 OK
r-oldrel-windows-x86_64 0.1.3 17.00 146.00 163.00 OK

Check Details

Version: 0.1.3
Check: Rd cross-references
Result: NOTE Found the following Rd file(s) with Rd \link{} targets missing package anchors: RollingLDA.Rd: LDA updateRollingLDA.Rd: LDA Please provide package anchors for all Rd \link{} targets not in the package itself and the base packages. Flavors: r-devel-linux-x86_64-debian-clang, r-devel-linux-x86_64-debian-gcc, r-devel-windows-x86_64, r-patched-linux-x86_64, r-release-linux-x86_64, r-release-windows-x86_64