Last updated on 2025-04-30 04:50:17 CEST.
Flavor | Version | Tinstall | Tcheck | Ttotal | Status | Flags |
---|---|---|---|---|---|---|
r-devel-linux-x86_64-debian-clang | 0.1-2 | 2.27 | 25.58 | 27.85 | NOTE | |
r-devel-linux-x86_64-debian-gcc | 0.1-2 | 1.77 | 20.35 | 22.12 | NOTE | |
r-devel-linux-x86_64-fedora-clang | 0.1-2 | 42.36 | OK | |||
r-devel-linux-x86_64-fedora-gcc | 0.1-2 | 40.89 | OK | |||
r-devel-windows-x86_64 | 0.1-2 | 3.00 | 49.00 | 52.00 | OK | |
r-patched-linux-x86_64 | 0.1-2 | 2.60 | 24.55 | 27.15 | OK | |
r-release-linux-x86_64 | 0.1-2 | 2.58 | 24.31 | 26.89 | OK | |
r-release-macos-arm64 | 0.1-2 | 21.00 | OK | |||
r-release-macos-x86_64 | 0.1-2 | 43.00 | OK | |||
r-release-windows-x86_64 | 0.1-2 | 3.00 | 49.00 | 52.00 | OK | |
r-oldrel-macos-arm64 | 0.1-2 | 25.00 | OK | |||
r-oldrel-macos-x86_64 | 0.1-2 | 29.00 | OK | |||
r-oldrel-windows-x86_64 | 0.1-2 | 4.00 | 51.00 | 55.00 | OK |
Version: 0.1-2
Check: CRAN incoming feasibility
Result: NOTE
Maintainer: ‘Paul Murrell <paul@stat.auckland.ac.nz>’
No Authors@R field in DESCRIPTION.
Please add one, modifying
Authors@R: person(given = "Paul",
family = "Murrell",
role = c("aut", "cre"),
email = "paul@stat.auckland.ac.nz")
as necessary.
Flavors: r-devel-linux-x86_64-debian-clang, r-devel-linux-x86_64-debian-gcc