Last updated on 2025-04-30 04:50:17 CEST.
Flavor | Version | Tinstall | Tcheck | Ttotal | Status | Flags |
---|---|---|---|---|---|---|
r-devel-linux-x86_64-debian-clang | 0.1 | 20.62 | 55.69 | 76.31 | NOTE | |
r-devel-linux-x86_64-debian-gcc | 0.1 | 13.51 | 37.53 | 51.04 | NOTE | |
r-devel-linux-x86_64-fedora-clang | 0.1 | 117.92 | OK | |||
r-devel-linux-x86_64-fedora-gcc | 0.1 | 118.67 | OK | |||
r-devel-windows-x86_64 | 0.1 | 27.00 | 69.00 | 96.00 | OK | |
r-patched-linux-x86_64 | 0.1 | 22.62 | 58.51 | 81.13 | OK | |
r-release-linux-x86_64 | 0.1 | 22.45 | 58.45 | 80.90 | OK | |
r-release-macos-arm64 | 0.1 | 46.00 | OK | |||
r-release-macos-x86_64 | 0.1 | 93.00 | OK | |||
r-release-windows-x86_64 | 0.1 | 28.00 | 70.00 | 98.00 | OK | |
r-oldrel-macos-arm64 | 0.1 | 42.00 | NOTE | |||
r-oldrel-macos-x86_64 | 0.1 | 66.00 | NOTE | |||
r-oldrel-windows-x86_64 | 0.1 | 31.00 | 73.00 | 104.00 | NOTE |
Version: 0.1
Check: CRAN incoming feasibility
Result: NOTE
Maintainer: ‘Paul Murrell <paul@stat.auckland.ac.nz>’
No Authors@R field in DESCRIPTION.
Please add one, modifying
Authors@R: person(given = "Paul",
family = "Murrell",
role = c("aut", "cre"),
email = "paul@stat.auckland.ac.nz")
as necessary.
Flavors: r-devel-linux-x86_64-debian-clang, r-devel-linux-x86_64-debian-gcc
Version: 0.1
Check: installed package size
Result: NOTE
installed size is 6.5Mb
sub-directories of 1Mb or more:
R 3.7Mb
extdata 2.7Mb
Flavors: r-oldrel-macos-arm64, r-oldrel-macos-x86_64, r-oldrel-windows-x86_64