Last updated on 2025-04-30 04:50:17 CEST.
Flavor | Version | Tinstall | Tcheck | Ttotal | Status | Flags |
---|---|---|---|---|---|---|
r-devel-linux-x86_64-debian-clang | 0.9.21 | 19.18 | 50.52 | 69.70 | OK | |
r-devel-linux-x86_64-debian-gcc | 0.9.21 | 15.66 | 35.67 | 51.33 | OK | |
r-devel-linux-x86_64-fedora-clang | 0.9.21 | 115.59 | OK | |||
r-devel-linux-x86_64-fedora-gcc | 0.9.21 | 127.43 | OK | |||
r-devel-windows-x86_64 | 0.9.21 | 27.00 | 91.00 | 118.00 | OK | |
r-patched-linux-x86_64 | 0.9.21 | 20.78 | 47.57 | 68.35 | OK | |
r-release-linux-x86_64 | 0.9.21 | 20.25 | 47.32 | 67.57 | OK | |
r-release-macos-arm64 | 0.9.21 | 59.00 | OK | |||
r-release-macos-x86_64 | 0.9.21 | 94.00 | OK | |||
r-release-windows-x86_64 | 0.9.21 | 27.00 | 92.00 | 119.00 | OK | |
r-oldrel-macos-arm64 | 0.9.21 | 44.00 | NOTE | |||
r-oldrel-macos-x86_64 | 0.9.21 | 94.00 | NOTE | |||
r-oldrel-windows-x86_64 | 0.9.21 | 29.00 | 103.00 | 132.00 | NOTE |
Version: 0.9.21
Check: for GNU extensions in Makefiles
Result: NOTE
GNU make is a SystemRequirements.
Flavors: r-oldrel-macos-arm64, r-oldrel-macos-x86_64, r-oldrel-windows-x86_64