Last updated on 2025-04-30 04:50:17 CEST.
Flavor | Version | Tinstall | Tcheck | Ttotal | Status | Flags |
---|---|---|---|---|---|---|
r-devel-linux-x86_64-debian-clang | 1.0 | 6.36 | 65.48 | 71.84 | OK | |
r-devel-linux-x86_64-debian-gcc | 1.0 | 6.78 | 48.67 | 55.45 | OK | |
r-devel-linux-x86_64-fedora-clang | 1.0 | 112.11 | OK | |||
r-devel-linux-x86_64-fedora-gcc | 1.0 | 121.84 | OK | |||
r-devel-windows-x86_64 | 1.0 | 9.00 | 80.00 | 89.00 | OK | |
r-patched-linux-x86_64 | 1.0 | 8.36 | 60.93 | 69.29 | OK | |
r-release-linux-x86_64 | 1.0 | 7.27 | 61.21 | 68.48 | OK | |
r-release-macos-arm64 | 1.0 | 49.00 | OK | |||
r-release-macos-x86_64 | 1.0 | 81.00 | OK | |||
r-release-windows-x86_64 | 1.0 | 9.00 | 80.00 | 89.00 | OK | |
r-oldrel-macos-arm64 | 1.0 | 38.00 | NOTE | |||
r-oldrel-macos-x86_64 | 1.0 | 65.00 | NOTE | |||
r-oldrel-windows-x86_64 | 1.0 | 10.00 | 88.00 | 98.00 | NOTE |
Version: 1.0
Check: LazyData
Result: NOTE
'LazyData' is specified without a 'data' directory
Flavors: r-oldrel-macos-arm64, r-oldrel-macos-x86_64, r-oldrel-windows-x86_64