CRAN Package Check Results for Package roptions

Last updated on 2025-04-30 04:50:17 CEST.

Flavor Version Tinstall Tcheck Ttotal Status Flags
r-devel-linux-x86_64-debian-clang 1.0.3 7.36 55.03 62.39 OK
r-devel-linux-x86_64-debian-gcc 1.0.3 5.53 38.98 44.51 OK
r-devel-linux-x86_64-fedora-clang 1.0.3 89.49 OK
r-devel-linux-x86_64-fedora-gcc 1.0.3 83.54 OK
r-devel-windows-x86_64 1.0.3 8.00 77.00 85.00 OK
r-patched-linux-x86_64 1.0.3 8.25 51.43 59.68 OK
r-release-linux-x86_64 1.0.3 7.55 52.14 59.69 OK
r-release-macos-arm64 1.0.3 29.00 OK
r-release-macos-x86_64 1.0.3 50.00 OK
r-release-windows-x86_64 1.0.3 11.00 74.00 85.00 OK
r-oldrel-macos-arm64 1.0.3 32.00 NOTE
r-oldrel-macos-x86_64 1.0.3 42.00 NOTE
r-oldrel-windows-x86_64 1.0.3 11.00 88.00 99.00 NOTE

Check Details

Version: 1.0.3
Check: LazyData
Result: NOTE 'LazyData' is specified without a 'data' directory Flavors: r-oldrel-macos-arm64, r-oldrel-macos-x86_64, r-oldrel-windows-x86_64