CRAN Package Check Results for Package rotasym

Last updated on 2025-04-30 04:50:17 CEST.

Flavor Version Tinstall Tcheck Ttotal Status Flags
r-devel-linux-x86_64-debian-clang 1.1.5 16.29 31.37 47.66 NOTE
r-devel-linux-x86_64-debian-gcc 1.1.5 12.95 25.01 37.96 NOTE
r-devel-linux-x86_64-fedora-clang 1.1.5 89.08 OK
r-devel-linux-x86_64-fedora-gcc 1.1.5 79.29 OK
r-devel-windows-x86_64 1.1.5 24.00 69.00 93.00 OK
r-patched-linux-x86_64 1.1.5 17.41 30.11 47.52 OK
r-release-linux-x86_64 1.1.5 16.45 30.15 46.60 OK
r-release-macos-arm64 1.1.5 29.00 OK
r-release-macos-x86_64 1.1.5 45.00 OK
r-release-windows-x86_64 1.1.5 24.00 73.00 97.00 OK
r-oldrel-macos-arm64 1.1.5 28.00 OK
r-oldrel-macos-x86_64 1.1.5 36.00 OK
r-oldrel-windows-x86_64 1.1.5 26.00 81.00 107.00 OK

Check Details

Version: 1.1.5
Check: CRAN incoming feasibility
Result: NOTE Maintainer: ‘Eduardo García-Portugués <edgarcia@est-econ.uc3m.es>’ The BugReports field in DESCRIPTION has https://github.com/egarpor/rotasym which should likely be https://github.com/egarpor/rotasym/issues instead. Flavors: r-devel-linux-x86_64-debian-clang, r-devel-linux-x86_64-debian-gcc