CRAN Package Check Results for Package rotations

Last updated on 2025-04-30 04:50:17 CEST.

Flavor Version Tinstall Tcheck Ttotal Status Flags
r-devel-linux-x86_64-debian-clang 1.6.5 79.37 94.49 173.86 NOTE
r-devel-linux-x86_64-debian-gcc 1.6.5 58.94 65.08 124.02 NOTE
r-devel-linux-x86_64-fedora-clang 1.6.5 300.80 NOTE
r-devel-linux-x86_64-fedora-gcc 1.6.5 307.65 NOTE
r-devel-windows-x86_64 1.6.5 100.00 174.00 274.00 NOTE
r-patched-linux-x86_64 1.6.5 85.01 88.46 173.47 NOTE
r-release-linux-x86_64 1.6.5 86.94 88.72 175.66 NOTE
r-release-macos-arm64 1.6.5 88.00 NOTE
r-release-macos-x86_64 1.6.5 123.00 NOTE
r-release-windows-x86_64 1.6.5 98.00 171.00 269.00 NOTE
r-oldrel-macos-arm64 1.6.5 80.00 NOTE
r-oldrel-macos-x86_64 1.6.5 145.00 NOTE
r-oldrel-windows-x86_64 1.6.5 109.00 198.00 307.00 NOTE

Check Details

Version: 1.6.5
Check: C++ specification
Result: NOTE Specified C++11: please drop specification unless essential Flavors: r-devel-linux-x86_64-debian-clang, r-devel-linux-x86_64-debian-gcc, r-devel-linux-x86_64-fedora-clang, r-devel-linux-x86_64-fedora-gcc, r-devel-windows-x86_64, r-patched-linux-x86_64, r-release-linux-x86_64, r-release-macos-arm64, r-release-macos-x86_64, r-release-windows-x86_64, r-oldrel-macos-arm64, r-oldrel-macos-x86_64, r-oldrel-windows-x86_64

Version: 1.6.5
Check: installed package size
Result: NOTE installed size is 10.7Mb sub-directories of 1Mb or more: R 2.0Mb data 2.7Mb libs 5.4Mb Flavors: r-oldrel-macos-arm64, r-oldrel-macos-x86_64, r-oldrel-windows-x86_64