Last updated on 2025-11-02 03:51:53 CET.
| Flavor | Version | Tinstall | Tcheck | Ttotal | Status | Flags |
|---|---|---|---|---|---|---|
| r-devel-linux-x86_64-debian-clang | 1.6.6 | 84.99 | 108.36 | 193.35 | OK | |
| r-devel-linux-x86_64-debian-gcc | 1.6.6 | 55.15 | 76.35 | 131.50 | OK | |
| r-devel-linux-x86_64-fedora-clang | 1.6.6 | 115.00 | 214.12 | 329.12 | OK | |
| r-devel-linux-x86_64-fedora-gcc | 1.6.6 | 102.00 | 226.77 | 328.77 | OK | |
| r-devel-windows-x86_64 | 1.6.6 | 98.00 | 187.00 | 285.00 | OK | |
| r-patched-linux-x86_64 | 1.6.6 | 91.65 | 102.78 | 194.43 | OK | |
| r-release-linux-x86_64 | 1.6.6 | 88.03 | 101.74 | 189.77 | OK | |
| r-release-macos-arm64 | 1.6.6 | 40.00 | 90.00 | 130.00 | OK | |
| r-release-macos-x86_64 | 1.6.6 | 95.00 | 278.00 | 373.00 | OK | |
| r-release-windows-x86_64 | 1.6.6 | 97.00 | 167.00 | 264.00 | OK | |
| r-oldrel-macos-arm64 | 1.6.6 | 30.00 | 68.00 | 98.00 | NOTE | |
| r-oldrel-macos-x86_64 | 1.6.6 | 89.00 | 268.00 | 357.00 | NOTE | |
| r-oldrel-windows-x86_64 | 1.6.6 | 117.00 | 208.00 | 325.00 | NOTE |
Version: 1.6.6
Check: installed package size
Result: NOTE
installed size is 11.5Mb
sub-directories of 1Mb or more:
R 2.5Mb
data 2.7Mb
libs 5.7Mb
Flavors: r-oldrel-macos-arm64, r-oldrel-macos-x86_64, r-oldrel-windows-x86_64