Last updated on 2025-04-30 04:50:17 CEST.
Flavor | Version | Tinstall | Tcheck | Ttotal | Status | Flags |
---|---|---|---|---|---|---|
r-devel-linux-x86_64-debian-clang | 4.2.0 | 198.80 | 269.91 | 468.71 | OK | |
r-devel-linux-x86_64-debian-gcc | 4.2.0 | 130.97 | 166.31 | 297.28 | OK | |
r-devel-linux-x86_64-fedora-clang | 4.2.0 | 758.62 | OK | |||
r-devel-linux-x86_64-fedora-gcc | 4.2.0 | 741.55 | OK | |||
r-devel-windows-x86_64 | 4.2.0 | 182.00 | 303.00 | 485.00 | OK | |
r-patched-linux-x86_64 | 4.2.0 | 193.69 | 252.50 | 446.19 | OK | |
r-release-linux-x86_64 | 4.2.0 | 189.11 | 251.09 | 440.20 | OK | |
r-release-macos-arm64 | 4.2.0 | 184.00 | OK | |||
r-release-macos-x86_64 | 4.2.0 | 384.00 | OK | |||
r-release-windows-x86_64 | 4.2.0 | 187.00 | 288.00 | 475.00 | OK | |
r-oldrel-macos-arm64 | 4.2.0 | 159.00 | NOTE | |||
r-oldrel-macos-x86_64 | 4.2.0 | 324.00 | NOTE | |||
r-oldrel-windows-x86_64 | 4.2.0 | 233.00 | 358.00 | 591.00 | NOTE |
Version: 4.2.0
Check: installed package size
Result: NOTE
installed size is 15.9Mb
sub-directories of 1Mb or more:
R 5.1Mb
help 1.0Mb
libs 9.6Mb
Flavors: r-oldrel-macos-arm64, r-oldrel-macos-x86_64, r-oldrel-windows-x86_64