Last updated on 2025-02-21 03:52:25 CET.
Flavor | Version | Tinstall | Tcheck | Ttotal | Status | Flags |
---|---|---|---|---|---|---|
r-devel-linux-x86_64-debian-clang | 4.1.0 | 193.81 | 507.27 | 701.08 | OK | |
r-devel-linux-x86_64-debian-gcc | 4.1.0 | 137.79 | 344.07 | 481.86 | OK | |
r-devel-linux-x86_64-fedora-clang | 4.1.0 | 1132.69 | OK | |||
r-devel-linux-x86_64-fedora-gcc | 4.1.0 | 1129.01 | OK | |||
r-devel-macos-arm64 | 4.1.0 | 310.00 | OK | |||
r-devel-macos-x86_64 | 4.1.0 | 673.00 | OK | |||
r-devel-windows-x86_64 | 4.1.0 | 170.00 | 557.00 | 727.00 | OK | |
r-patched-linux-x86_64 | 4.1.0 | 202.63 | 496.78 | 699.41 | OK | |
r-release-linux-x86_64 | 4.1.0 | 179.78 | 490.02 | 669.80 | OK | |
r-release-macos-arm64 | 4.1.0 | 295.00 | NOTE | |||
r-release-macos-x86_64 | 4.1.0 | 507.00 | NOTE | |||
r-release-windows-x86_64 | 4.1.0 | 176.00 | 541.00 | 717.00 | NOTE | |
r-oldrel-macos-arm64 | 4.1.0 | 304.00 | NOTE | |||
r-oldrel-macos-x86_64 | 4.1.0 | 524.00 | NOTE | |||
r-oldrel-windows-x86_64 | 4.1.0 | 224.00 | 666.00 | 890.00 | NOTE |
Version: 4.1.0
Check: installed package size
Result: NOTE
installed size is 15.8Mb
sub-directories of 1Mb or more:
R 5.0Mb
libs 9.6Mb
Flavors: r-release-macos-arm64, r-release-macos-x86_64, r-release-windows-x86_64, r-oldrel-macos-arm64, r-oldrel-macos-x86_64, r-oldrel-windows-x86_64