Last updated on 2025-04-30 04:50:17 CEST.
Flavor | Version | Tinstall | Tcheck | Ttotal | Status | Flags |
---|---|---|---|---|---|---|
r-devel-linux-x86_64-debian-clang | 1.0.1 | 1.77 | 78.04 | 79.81 | NOTE | |
r-devel-linux-x86_64-debian-gcc | 1.0.1 | 1.41 | 58.01 | 59.42 | NOTE | |
r-devel-linux-x86_64-fedora-clang | 1.0.1 | 121.77 | OK | |||
r-devel-linux-x86_64-fedora-gcc | 1.0.1 | 132.09 | OK | |||
r-devel-windows-x86_64 | 1.0.1 | 3.00 | 110.00 | 113.00 | OK | |
r-patched-linux-x86_64 | 1.0.1 | 1.57 | 72.73 | 74.30 | OK | |
r-release-linux-x86_64 | 1.0.1 | 1.74 | 72.36 | 74.10 | OK | |
r-release-macos-arm64 | 1.0.1 | 74.00 | OK | |||
r-release-macos-x86_64 | 1.0.1 | 90.00 | OK | |||
r-release-windows-x86_64 | 1.0.1 | 2.00 | 111.00 | 113.00 | OK | |
r-oldrel-macos-arm64 | 1.0.1 | 94.00 | OK | |||
r-oldrel-macos-x86_64 | 1.0.1 | 95.00 | OK | |||
r-oldrel-windows-x86_64 | 1.0.1 | 3.00 | 127.00 | 130.00 | OK |
Version: 1.0.1
Check: examples
Result: NOTE
Examples with CPU (user + system) or elapsed time > 5s
user system elapsed
load_paleoclim 7.785 0.288 8.937
Flavor: r-devel-linux-x86_64-debian-clang
Version: 1.0.1
Check: examples
Result: NOTE
Examples with CPU (user + system) or elapsed time > 5s
user system elapsed
load_paleoclim 4.415 0.132 5.03
Flavor: r-devel-linux-x86_64-debian-gcc