CRAN Package Check Results for Package rpls

Last updated on 2025-04-30 04:50:17 CEST.

Flavor Version Tinstall Tcheck Ttotal Status Flags
r-devel-linux-x86_64-debian-clang 0.6.0 2.87 22.58 25.45 NOTE
r-devel-linux-x86_64-debian-gcc 0.6.0 1.90 17.52 19.42 NOTE
r-devel-linux-x86_64-fedora-clang 0.6.0 39.78 OK
r-devel-linux-x86_64-fedora-gcc 0.6.0 37.48 OK
r-devel-windows-x86_64 0.6.0 3.00 45.00 48.00 OK
r-patched-linux-x86_64 0.6.0 2.92 21.67 24.59 OK
r-release-linux-x86_64 0.6.0 2.05 21.43 23.48 OK
r-release-macos-arm64 0.6.0 18.00 OK
r-release-macos-x86_64 0.6.0 27.00 OK
r-release-windows-x86_64 0.6.0 3.00 41.00 44.00 OK
r-oldrel-macos-arm64 0.6.0 16.00 OK
r-oldrel-macos-x86_64 0.6.0 23.00 OK
r-oldrel-windows-x86_64 0.6.0 4.00 45.00 49.00 OK

Check Details

Version: 0.6.0
Check: CRAN incoming feasibility
Result: NOTE Maintainer: ‘Peter Filzmoser <peter.filzmoser@tuwien.ac.at>’ No Authors@R field in DESCRIPTION. Please add one, modifying Authors@R: c(person(given = "Peter", family = "Filzmoser", role = c("aut", "cre"), email = "peter.filzmoser@tuwien.ac.at"), person(given = "Sukru", family = "Acitas", role = "aut"), person(given = "Birdal", family = "Senoglu", role = "aut"), person(given = "Maximilian", family = "Plattner", role = "aut")) as necessary. Flavors: r-devel-linux-x86_64-debian-clang, r-devel-linux-x86_64-debian-gcc