Last updated on 2025-11-04 03:51:05 CET.
| Flavor | Version | Tinstall | Tcheck | Ttotal | Status | Flags | 
|---|---|---|---|---|---|---|
| r-devel-linux-x86_64-debian-clang | 0.7-4 | 189.30 | 152.87 | 342.17 | OK | |
| r-devel-linux-x86_64-debian-gcc | 0.7-4 | 109.05 | 102.53 | 211.58 | OK | |
| r-devel-linux-x86_64-fedora-clang | 0.7-4 | 267.00 | 381.75 | 648.75 | OK | |
| r-devel-linux-x86_64-fedora-gcc | 0.7-4 | 243.00 | 322.94 | 565.94 | OK | |
| r-devel-windows-x86_64 | 0.7-4 | 217.00 | 182.00 | 399.00 | OK | |
| r-patched-linux-x86_64 | 0.7-4 | 175.01 | 146.92 | 321.93 | OK | |
| r-release-linux-x86_64 | 0.7-4 | 174.65 | 146.02 | 320.67 | OK | |
| r-release-macos-arm64 | 0.7-4 | 58.00 | 68.00 | 126.00 | OK | |
| r-release-macos-x86_64 | 0.7-4 | 91.00 | 232.00 | 323.00 | OK | |
| r-release-windows-x86_64 | 0.7-4 | 212.00 | 179.00 | 391.00 | OK | |
| r-oldrel-macos-arm64 | 0.7-4 | 58.00 | 74.00 | 132.00 | NOTE | |
| r-oldrel-macos-x86_64 | 0.7-4 | 92.00 | 228.00 | 320.00 | NOTE | |
| r-oldrel-windows-x86_64 | 0.7-4 | 248.00 | 239.00 | 487.00 | OK | 
Version: 0.7-4
Check: installed package size
Result: NOTE
    installed size is  5.8Mb
    sub-directories of 1Mb or more:
      libs   5.2Mb
Flavors: r-oldrel-macos-arm64, r-oldrel-macos-x86_64