Last updated on 2025-04-30 04:50:18 CEST.
Flavor | Version | Tinstall | Tcheck | Ttotal | Status | Flags |
---|---|---|---|---|---|---|
r-devel-linux-x86_64-debian-clang | 1.2.9 | 6.29 | 248.86 | 255.15 | NOTE | |
r-devel-linux-x86_64-debian-gcc | 1.2.9 | 4.59 | 170.16 | 174.75 | OK | |
r-devel-linux-x86_64-fedora-clang | 1.2.9 | 396.84 | OK | |||
r-devel-linux-x86_64-fedora-gcc | 1.2.9 | 412.64 | OK | |||
r-devel-windows-x86_64 | 1.2.9 | 8.00 | 251.00 | 259.00 | OK | |
r-patched-linux-x86_64 | 1.2.9 | 7.11 | 238.46 | 245.57 | OK | |
r-release-linux-x86_64 | 1.2.9 | 5.80 | 237.53 | 243.33 | OK | |
r-release-macos-arm64 | 1.2.9 | 100.00 | OK | |||
r-release-macos-x86_64 | 1.2.9 | 254.00 | OK | |||
r-release-windows-x86_64 | 1.2.9 | 10.00 | 258.00 | 268.00 | OK | |
r-oldrel-macos-arm64 | 1.2.9 | 102.00 | OK | |||
r-oldrel-macos-x86_64 | 1.2.9 | 190.00 | OK | |||
r-oldrel-windows-x86_64 | 1.2.9 | 9.00 | 331.00 | 340.00 | OK |
Version: 1.2.9
Check: examples
Result: NOTE
Examples with CPU (user + system) or elapsed time > 5s
user system elapsed
plot.rpsftm 4.88 0.125 7.5
Flavor: r-devel-linux-x86_64-debian-clang