CRAN Package Check Results for Package rqcanon

Last updated on 2025-04-30 04:50:18 CEST.

Flavor Version Tinstall Tcheck Ttotal Status Flags
r-devel-linux-x86_64-debian-clang 0.1.0 1.97 29.74 31.71 NOTE
r-devel-linux-x86_64-debian-gcc 0.1.0 1.63 22.30 23.93 NOTE
r-devel-linux-x86_64-fedora-clang 0.1.0 49.79 OK
r-devel-linux-x86_64-fedora-gcc 0.1.0 48.22 OK
r-devel-windows-x86_64 0.1.0 4.00 51.00 55.00 OK
r-patched-linux-x86_64 0.1.0 2.09 27.60 29.69 OK
r-release-linux-x86_64 0.1.0 1.94 27.41 29.35 OK
r-release-macos-arm64 0.1.0 23.00 OK
r-release-macos-x86_64 0.1.0 35.00 OK
r-release-windows-x86_64 0.1.0 3.00 50.00 53.00 OK
r-oldrel-macos-arm64 0.1.0 20.00 OK
r-oldrel-macos-x86_64 0.1.0 41.00 OK
r-oldrel-windows-x86_64 0.1.0 3.00 53.00 56.00 OK

Check Details

Version: 0.1.0
Check: examples
Result: NOTE Examples with CPU (user + system) or elapsed time > 5s user system elapsed rqcan 8.665 0.129 10.916 Flavor: r-devel-linux-x86_64-debian-clang

Version: 0.1.0
Check: examples
Result: NOTE Examples with CPU (user + system) or elapsed time > 5s user system elapsed rqcan 5.537 0.109 6.045 Flavor: r-devel-linux-x86_64-debian-gcc