Last updated on 2025-04-30 04:50:18 CEST.
Flavor | Version | Tinstall | Tcheck | Ttotal | Status | Flags |
---|---|---|---|---|---|---|
r-devel-linux-x86_64-debian-clang | 1.1.1 | 11.28 | 94.91 | 106.19 | NOTE | |
r-devel-linux-x86_64-debian-gcc | 1.1.1 | 7.95 | 68.22 | 76.17 | NOTE | |
r-devel-linux-x86_64-fedora-clang | 1.1.1 | 460.12 | NOTE | |||
r-devel-linux-x86_64-fedora-gcc | 1.1.1 | 470.48 | NOTE | |||
r-devel-windows-x86_64 | 1.1.1 | 51.00 | 417.00 | 468.00 | NOTE | |
r-patched-linux-x86_64 | 1.1.1 | 9.96 | 88.66 | 98.62 | NOTE | |
r-release-linux-x86_64 | 1.1.1 | 11.31 | 89.10 | 100.41 | NOTE | |
r-release-macos-arm64 | 1.1.1 | 72.00 | NOTE | |||
r-release-macos-x86_64 | 1.1.1 | 175.00 | NOTE | |||
r-release-windows-x86_64 | 1.1.1 | 55.00 | 442.00 | 497.00 | NOTE | |
r-oldrel-macos-arm64 | 1.1.1 | 51.00 | NOTE | |||
r-oldrel-macos-x86_64 | 1.1.1 | 68.00 | NOTE | |||
r-oldrel-windows-x86_64 | 1.1.1 | 62.00 | 552.00 | 614.00 | NOTE |
Version: 1.1.1
Check: Rd files
Result: NOTE
checkRd: (-1) R2_lik.Rd:37: Lost braces; missing escapes or markup?
37 | \code{R2_lik()} is also computed for LMMs and GLMMs in the {MuMIn} package.
| ^
checkRd: (-1) R2_pred.Rd:32: Lost braces; missing escapes or markup?
32 | Note that the version of \code{binaryPGLMM()} in the package ape is replaced by a version contained within {rr2} that outputs all of the required information for the calculation of R2_resid.
| ^
checkRd: (-1) R2_resid.Rd:69: Lost braces; missing escapes or markup?
69 | Note that the version of \code{binaryPGLMM()} in the package ape is replaced by a version contained within {rr2} that outputs all of the required information for the calculation of \code{R2_resid()}
| ^
Flavors: r-devel-linux-x86_64-debian-clang, r-devel-linux-x86_64-debian-gcc, r-devel-linux-x86_64-fedora-clang, r-devel-linux-x86_64-fedora-gcc, r-devel-windows-x86_64, r-patched-linux-x86_64, r-release-linux-x86_64, r-release-macos-arm64, r-release-macos-x86_64, r-release-windows-x86_64, r-oldrel-macos-arm64, r-oldrel-macos-x86_64, r-oldrel-windows-x86_64