CRAN Package Check Results for Package rrat

Last updated on 2025-04-30 04:50:18 CEST.

Flavor Version Tinstall Tcheck Ttotal Status Flags
r-devel-linux-x86_64-debian-clang 1.0.0 6.78 56.73 63.51 NOTE
r-devel-linux-x86_64-debian-gcc 1.0.0 5.03 42.73 47.76 NOTE
r-devel-linux-x86_64-fedora-clang 1.0.0 97.32 OK
r-devel-linux-x86_64-fedora-gcc 1.0.0 93.65 OK
r-devel-windows-x86_64 1.0.0 8.00 68.00 76.00 OK
r-patched-linux-x86_64 1.0.0 6.42 53.85 60.27 OK
r-release-linux-x86_64 1.0.0 6.45 54.41 60.86 OK
r-release-macos-arm64 1.0.0 31.00 OK
r-release-macos-x86_64 1.0.0 60.00 OK
r-release-windows-x86_64 1.0.0 10.00 72.00 82.00 OK
r-oldrel-macos-arm64 1.0.0 30.00 OK
r-oldrel-macos-x86_64 1.0.0 43.00 OK
r-oldrel-windows-x86_64 1.0.0 9.00 79.00 88.00 OK

Check Details

Version: 1.0.0
Check: CRAN incoming feasibility
Result: NOTE Maintainer: ‘Yi He <yi.he@stats.oxon.org>’ No Authors@R field in DESCRIPTION. Please add one, modifying Authors@R: c(person(given = "Yi", family = "He", role = c("aut", "cre"), email = "yi.he@stats.oxon.org"), person(given = "Yuelin", family = "Zhao", role = "aut")) as necessary. Flavors: r-devel-linux-x86_64-debian-clang, r-devel-linux-x86_64-debian-gcc