Last updated on 2025-04-30 04:50:18 CEST.
Flavor | Version | Tinstall | Tcheck | Ttotal | Status | Flags |
---|---|---|---|---|---|---|
r-devel-linux-x86_64-debian-clang | 0.3.2 | 3.61 | 77.16 | 80.77 | NOTE | |
r-devel-linux-x86_64-debian-gcc | 0.3.2 | 2.94 | 54.09 | 57.03 | NOTE | |
r-devel-linux-x86_64-fedora-clang | 0.3.2 | 125.44 | NOTE | |||
r-devel-linux-x86_64-fedora-gcc | 0.3.2 | 133.22 | NOTE | |||
r-devel-windows-x86_64 | 0.3.2 | 7.00 | 104.00 | 111.00 | NOTE | |
r-patched-linux-x86_64 | 0.3.2 | 4.50 | 72.84 | 77.34 | NOTE | |
r-release-linux-x86_64 | 0.3.2 | 3.79 | 72.18 | 75.97 | NOTE | |
r-release-macos-arm64 | 0.3.2 | 51.00 | NOTE | |||
r-release-macos-x86_64 | 0.3.2 | 85.00 | NOTE | |||
r-release-windows-x86_64 | 0.3.2 | 7.00 | 95.00 | 102.00 | NOTE | |
r-oldrel-macos-arm64 | 0.3.2 | 53.00 | OK | |||
r-oldrel-macos-x86_64 | 0.3.2 | 84.00 | OK | |||
r-oldrel-windows-x86_64 | 0.3.2 | 8.00 | 108.00 | 116.00 | OK |
Version: 0.3.2
Check: DESCRIPTION meta-information
Result: NOTE
Missing dependency on R >= 4.1.0 because package code uses the pipe
|> or function shorthand \(...) syntax added in R 4.1.0.
File(s) using such syntax:
‘calculate_indices.Rd’ ‘get_stac_data.R’ ‘get_stac_data.Rd’
‘landsat_mask_function.Rd’
Flavors: r-devel-linux-x86_64-debian-clang, r-devel-linux-x86_64-debian-gcc, r-devel-linux-x86_64-fedora-clang, r-devel-linux-x86_64-fedora-gcc, r-devel-windows-x86_64, r-patched-linux-x86_64, r-release-linux-x86_64, r-release-macos-arm64, r-release-macos-x86_64, r-release-windows-x86_64
Version: 0.3.2
Check: examples
Result: NOTE
Examples with CPU (user + system) or elapsed time > 5s
user system elapsed
calculate_indices 7.977 0.195 12.499
Flavor: r-devel-linux-x86_64-debian-clang
Version: 0.3.2
Check: examples
Result: NOTE
Examples with CPU (user + system) or elapsed time > 5s
user system elapsed
calculate_indices 4.861 0.179 8.243
Flavor: r-devel-linux-x86_64-debian-gcc