CRAN Package Check Results for Package rsmatch

Last updated on 2025-04-30 04:50:18 CEST.

Flavor Version Tinstall Tcheck Ttotal Status Flags
r-devel-linux-x86_64-debian-clang 0.2.1 2.40 47.66 50.06 OK
r-devel-linux-x86_64-debian-gcc 0.2.1 1.51 35.71 37.22 OK
r-devel-linux-x86_64-fedora-clang 0.2.1 77.90 OK
r-devel-linux-x86_64-fedora-gcc 0.2.1 87.76 OK
r-devel-windows-x86_64 0.2.1 4.00 68.00 72.00 OK
r-patched-linux-x86_64 0.2.1 2.18 44.70 46.88 OK
r-release-linux-x86_64 0.2.1 2.28 43.48 45.76 OK
r-release-macos-arm64 0.2.1 31.00 OK
r-release-macos-x86_64 0.2.1 57.00 OK
r-release-windows-x86_64 0.2.1 4.00 64.00 68.00 OK
r-oldrel-macos-arm64 0.2.1 30.00 NOTE
r-oldrel-macos-x86_64 0.2.1 48.00 NOTE
r-oldrel-windows-x86_64 0.2.1 5.00 73.00 78.00 NOTE

Check Details

Version: 0.2.1
Check: package dependencies
Result: NOTE Package suggested but not available for checking: ‘gurobi’ Flavors: r-oldrel-macos-arm64, r-oldrel-macos-x86_64, r-oldrel-windows-x86_64