CRAN Package Check Results for Package rstack

Last updated on 2025-11-03 03:49:55 CET.

Flavor Version Tinstall Tcheck Ttotal Status Flags
r-devel-linux-x86_64-debian-clang 1.0.1 2.03 20.03 22.06 NOTE
r-devel-linux-x86_64-debian-gcc 1.0.1 1.61 16.58 18.19 NOTE
r-devel-linux-x86_64-fedora-clang 1.0.1 31.53 OK
r-devel-linux-x86_64-fedora-gcc 1.0.1 29.08 OK
r-devel-windows-x86_64 1.0.1 3.00 38.00 41.00 OK
r-patched-linux-x86_64 1.0.1 2.24 17.89 20.13 OK
r-release-linux-x86_64 1.0.1 2.47 17.82 20.29 OK
r-release-macos-arm64 1.0.1 1.00 14.00 15.00 OK
r-release-macos-x86_64 1.0.1 2.00 23.00 25.00 OK
r-release-windows-x86_64 1.0.1 4.00 37.00 41.00 OK
r-oldrel-macos-arm64 1.0.1 1.00 13.00 14.00 OK
r-oldrel-macos-x86_64 1.0.1 2.00 19.00 21.00 OK
r-oldrel-windows-x86_64 1.0.1 4.00 43.00 47.00 OK

Check Details

Version: 1.0.1
Check: CRAN incoming feasibility
Result: NOTE Maintainer: ‘Gábor Csárdi <csardi.gabor@gmail.com>’ No Authors@R field in DESCRIPTION. Please add one, modifying Authors@R: person(given = "Gábor", family = "Csárdi", role = c("aut", "cre"), email = "csardi.gabor@gmail.com") as necessary. Flavors: r-devel-linux-x86_64-debian-clang, r-devel-linux-x86_64-debian-gcc