Last updated on 2025-04-30 04:50:18 CEST.
Flavor | Version | Tinstall | Tcheck | Ttotal | Status | Flags |
---|---|---|---|---|---|---|
r-devel-linux-x86_64-debian-clang | 1.1.3 | 1.96 | 20.73 | 22.69 | NOTE | |
r-devel-linux-x86_64-debian-gcc | 1.1.3 | 1.47 | 17.32 | 18.79 | NOTE | |
r-devel-linux-x86_64-fedora-clang | 1.1.3 | 34.98 | OK | |||
r-devel-linux-x86_64-fedora-gcc | 1.1.3 | 32.25 | OK | |||
r-devel-windows-x86_64 | 1.1.3 | 3.00 | 47.00 | 50.00 | OK | |
r-patched-linux-x86_64 | 1.1.3 | 2.00 | 19.11 | 21.11 | OK | |
r-release-linux-x86_64 | 1.1.3 | 1.87 | 19.18 | 21.05 | OK | |
r-release-macos-arm64 | 1.1.3 | 18.00 | OK | |||
r-release-macos-x86_64 | 1.1.3 | 26.00 | OK | |||
r-release-windows-x86_64 | 1.1.3 | 4.00 | 43.00 | 47.00 | OK | |
r-oldrel-macos-arm64 | 1.1.3 | 15.00 | OK | |||
r-oldrel-macos-x86_64 | 1.1.3 | 22.00 | OK | |||
r-oldrel-windows-x86_64 | 1.1.3 | 4.00 | 42.00 | 46.00 | OK |
Version: 1.1.3
Check: CRAN incoming feasibility
Result: NOTE
Maintainer: ‘Xuehui YANG <jianghang@bagualu.net>’
No Authors@R field in DESCRIPTION.
Please add one, modifying
Authors@R: person(given = "Xuehui",
family = "YANG",
role = c("aut", "cre"),
email = "jianghang@bagualu.net")
as necessary.
Flavors: r-devel-linux-x86_64-debian-clang, r-devel-linux-x86_64-debian-gcc