Last updated on 2025-04-30 04:50:18 CEST.
Flavor | Version | Tinstall | Tcheck | Ttotal | Status | Flags |
---|---|---|---|---|---|---|
r-devel-linux-x86_64-debian-clang | 1.0.1 | 3.14 | 93.18 | 96.32 | NOTE | |
r-devel-linux-x86_64-debian-gcc | 1.0.1 | 2.35 | 66.49 | 68.84 | NOTE | |
r-devel-linux-x86_64-fedora-clang | 1.0.1 | 159.13 | OK | |||
r-devel-linux-x86_64-fedora-gcc | 1.0.1 | 176.94 | OK | |||
r-devel-windows-x86_64 | 1.0.1 | 6.00 | 157.00 | 163.00 | OK | |
r-patched-linux-x86_64 | 1.0.1 | 3.30 | 95.59 | 98.89 | OK | |
r-release-linux-x86_64 | 1.0.1 | 2.83 | 99.27 | 102.10 | OK | |
r-release-macos-arm64 | 1.0.1 | 59.00 | OK | |||
r-release-macos-x86_64 | 1.0.1 | 147.00 | OK | |||
r-release-windows-x86_64 | 1.0.1 | 5.00 | 151.00 | 156.00 | OK | |
r-oldrel-macos-arm64 | 1.0.1 | 58.00 | OK | |||
r-oldrel-macos-x86_64 | 1.0.1 | 103.00 | OK | |||
r-oldrel-windows-x86_64 | 1.0.1 | 6.00 | 179.00 | 185.00 | OK |
Version: 1.0.1
Check: CRAN incoming feasibility
Result: NOTE
Maintainer: ‘Peter Hoff <peter.hoff@duke.edu>’
No Authors@R field in DESCRIPTION.
Please add one, modifying
Authors@R: c(person(given = "Peter",
family = "Hoff",
role = c("aut", "cre"),
email = "peter.hoff@duke.edu"),
person(given = "Alexander",
family = "Franks",
role = "aut"))
as necessary.
Flavors: r-devel-linux-x86_64-debian-clang, r-devel-linux-x86_64-debian-gcc