CRAN Package Check Results for Package rstpm2

Last updated on 2025-04-30 04:50:18 CEST.

Flavor Version Tinstall Tcheck Ttotal Status Flags
r-devel-linux-x86_64-debian-clang 1.6.6.1 212.85 160.64 373.49 OK
r-devel-linux-x86_64-debian-gcc 1.6.6.1 139.28 116.71 255.99 OK
r-devel-linux-x86_64-fedora-clang 1.6.6.1 645.49 OK
r-devel-linux-x86_64-fedora-gcc 1.6.6.1 731.68 OK
r-devel-windows-x86_64 1.6.6.1 215.00 257.00 472.00 OK
r-patched-linux-x86_64 1.6.6.1 204.81 154.16 358.97 OK
r-release-linux-x86_64 1.6.6.1 199.82 152.55 352.37 OK
r-release-macos-arm64 1.6.6.1 181.00 OK
r-release-macos-x86_64 1.6.6.1 298.00 OK
r-release-windows-x86_64 1.6.6.1 213.00 241.00 454.00 OK
r-oldrel-macos-arm64 1.6.6.1 156.00 NOTE
r-oldrel-macos-x86_64 1.6.6.1 334.00 NOTE
r-oldrel-windows-x86_64 1.6.6.1 245.00 291.00 536.00 NOTE

Additional issues

rcnst

Check Details

Version: 1.6.6.1
Check: installed package size
Result: NOTE installed size is 37.2Mb sub-directories of 1Mb or more: libs 21.3Mb Flavors: r-oldrel-macos-arm64, r-oldrel-macos-x86_64, r-oldrel-windows-x86_64