Last updated on 2025-04-30 04:50:18 CEST.
Flavor | Version | Tinstall | Tcheck | Ttotal | Status | Flags |
---|---|---|---|---|---|---|
r-devel-linux-x86_64-debian-clang | 2.6.2 | 3.21 | 28.75 | 31.96 | NOTE | |
r-devel-linux-x86_64-debian-gcc | 2.6.2 | 2.56 | 22.19 | 24.75 | OK | |
r-devel-linux-x86_64-fedora-clang | 2.6.2 | 53.62 | OK | |||
r-devel-linux-x86_64-fedora-gcc | 2.6.2 | 64.60 | OK | |||
r-devel-windows-x86_64 | 2.6.2 | 28.00 | 238.00 | 266.00 | OK | |
r-patched-linux-x86_64 | 2.6.2 | 2.84 | 27.50 | 30.34 | OK | |
r-release-linux-x86_64 | 2.6.2 | 2.93 | 27.69 | 30.62 | OK | |
r-release-macos-arm64 | 2.6.2 | 44.00 | OK | |||
r-release-macos-x86_64 | 2.6.2 | 74.00 | OK | |||
r-release-windows-x86_64 | 2.6.2 | 28.00 | 209.00 | 237.00 | OK | |
r-oldrel-macos-arm64 | 2.6.2 | 93.00 | NOTE | |||
r-oldrel-macos-x86_64 | 2.6.2 | 135.00 | NOTE | |||
r-oldrel-windows-x86_64 | 2.6.2 | 36.00 | 286.00 | 322.00 | NOTE |
Version: 2.6.2
Check: examples
Result: NOTE
Examples with CPU (user + system) or elapsed time > 5s
user system elapsed
rsvg 4.164 0.427 5.38
Flavor: r-devel-linux-x86_64-debian-clang
Version: 2.6.2
Check: installed package size
Result: NOTE
installed size is 28.7Mb
sub-directories of 1Mb or more:
libs 28.2Mb
Flavors: r-oldrel-macos-arm64, r-oldrel-macos-x86_64, r-oldrel-windows-x86_64