CRAN Package Check Results for Package rswipl

Last updated on 2025-04-30 04:50:18 CEST.

Flavor Version Tinstall Tcheck Ttotal Status Flags
r-devel-linux-x86_64-debian-clang 9.3.21 323.98 32.90 356.88 OK
r-devel-linux-x86_64-debian-gcc 9.3.21 273.72 26.64 300.36 OK
r-devel-linux-x86_64-fedora-clang 9.3.21 576.53 OK
r-devel-linux-x86_64-fedora-gcc 9.3.21 626.23 OK
r-devel-windows-x86_64 9.3.21 1059.00 77.00 1136.00 OK
r-patched-linux-x86_64 9.3.21 318.92 32.12 351.04 OK
r-release-linux-x86_64 9.3.21 317.05 31.99 349.04 OK
r-release-macos-arm64 9.3.21 276.00 OK
r-release-macos-x86_64 9.3.21 539.00 OK
r-release-windows-x86_64 9.3.21 1039.00 70.00 1109.00 OK
r-oldrel-macos-arm64 9.3.21 245.00 NOTE
r-oldrel-macos-x86_64 9.3.21 324.00 NOTE
r-oldrel-windows-x86_64 9.3.21 1099.00 80.00 1179.00 NOTE

Check Details

Version: 9.3.21
Check: installed package size
Result: NOTE installed size is 26.7Mb sub-directories of 1Mb or more: swipl 26.2Mb Flavors: r-oldrel-macos-arm64, r-oldrel-macos-x86_64, r-oldrel-windows-x86_64

Version: 9.3.21
Check: for GNU extensions in Makefiles
Result: NOTE GNU make is a SystemRequirements. Flavors: r-oldrel-macos-arm64, r-oldrel-macos-x86_64, r-oldrel-windows-x86_64