Last updated on 2025-04-30 04:50:18 CEST.
Flavor | Version | Tinstall | Tcheck | Ttotal | Status | Flags |
---|---|---|---|---|---|---|
r-devel-linux-x86_64-debian-clang | 0.2 | 3.68 | 34.65 | 38.33 | NOTE | |
r-devel-linux-x86_64-debian-gcc | 0.2 | 2.70 | 26.55 | 29.25 | NOTE | |
r-devel-linux-x86_64-fedora-clang | 0.2 | 61.06 | OK | |||
r-devel-linux-x86_64-fedora-gcc | 0.2 | 57.93 | OK | |||
r-devel-windows-x86_64 | 0.2 | 5.00 | 56.00 | 61.00 | OK | |
r-patched-linux-x86_64 | 0.2 | 3.92 | 33.06 | 36.98 | OK | |
r-release-linux-x86_64 | 0.2 | 3.78 | 33.13 | 36.91 | OK | |
r-release-macos-arm64 | 0.2 | 23.00 | OK | |||
r-release-macos-x86_64 | 0.2 | 38.00 | OK | |||
r-release-windows-x86_64 | 0.2 | 5.00 | 53.00 | 58.00 | OK | |
r-oldrel-macos-arm64 | 0.2 | 21.00 | OK | |||
r-oldrel-macos-x86_64 | 0.2 | 33.00 | OK | |||
r-oldrel-windows-x86_64 | 0.2 | 6.00 | 58.00 | 64.00 | OK |
Version: 0.2
Check: CRAN incoming feasibility
Result: NOTE
Maintainer: ‘Claas-Thido Pfaff <claas-thido.pfaff@idiv-biodiversity.de>’
No Authors@R field in DESCRIPTION.
Please add one, modifying
Authors@R: person(given = "Claas-Thido",
family = "Pfaff",
role = c("aut", "cre"),
email = "claas-thido.pfaff@idiv-biodiversity.de")
as necessary.
Flavors: r-devel-linux-x86_64-debian-clang, r-devel-linux-x86_64-debian-gcc