CRAN Package Check Results for Package rtemps

Last updated on 2025-04-30 04:50:18 CEST.

Flavor Version Tinstall Tcheck Ttotal Status Flags
r-devel-linux-x86_64-debian-clang 0.8.0 1.67 19.58 21.25 OK
r-devel-linux-x86_64-debian-gcc 0.8.0 1.44 16.12 17.56 OK
r-devel-linux-x86_64-fedora-clang 0.8.0 32.74 OK
r-devel-linux-x86_64-fedora-gcc 0.8.0 30.23 OK
r-devel-windows-x86_64 0.8.0 4.00 49.00 53.00 OK
r-patched-linux-x86_64 0.8.0 1.84 17.93 19.77 OK
r-release-linux-x86_64 0.8.0 1.79 17.83 19.62 OK
r-release-macos-arm64 0.8.0 15.00 OK
r-release-macos-x86_64 0.8.0 33.00 OK
r-release-windows-x86_64 0.8.0 4.00 46.00 50.00 OK
r-oldrel-macos-arm64 0.8.0 15.00 NOTE
r-oldrel-macos-x86_64 0.8.0 23.00 NOTE
r-oldrel-windows-x86_64 0.8.0 4.00 46.00 50.00 NOTE

Check Details

Version: 0.8.0
Check: LazyData
Result: NOTE 'LazyData' is specified without a 'data' directory Flavors: r-oldrel-macos-arm64, r-oldrel-macos-x86_64, r-oldrel-windows-x86_64