CRAN Package Check Results for Package rtf

Last updated on 2025-04-30 04:50:18 CEST.

Flavor Version Tinstall Tcheck Ttotal Status Flags
r-devel-linux-x86_64-debian-clang 0.4-14.1 2.40 40.81 43.21 NOTE
r-devel-linux-x86_64-debian-gcc 0.4-14.1 2.16 31.33 33.49 NOTE
r-devel-linux-x86_64-fedora-clang 0.4-14.1 69.61 NOTE
r-devel-linux-x86_64-fedora-gcc 0.4-14.1 79.79 NOTE
r-devel-windows-x86_64 0.4-14.1 4.00 80.00 84.00 OK
r-patched-linux-x86_64 0.4-14.1 2.71 39.79 42.50 NOTE
r-release-linux-x86_64 0.4-14.1 2.46 39.41 41.87 NOTE
r-release-macos-arm64 0.4-14.1 51.00 OK
r-release-macos-x86_64 0.4-14.1 83.00 OK
r-release-windows-x86_64 0.4-14.1 5.00 75.00 80.00 OK
r-oldrel-macos-arm64 0.4-14.1 30.00 OK
r-oldrel-macos-x86_64 0.4-14.1 56.00 OK
r-oldrel-windows-x86_64 0.4-14.1 5.00 78.00 83.00 OK

Check Details

Version: 0.4-14.1
Check: for non-standard things in the check directory
Result: NOTE Found the following files/directories: ‘test_addPageBreak.doc’ ‘test_addPlot.doc’ ‘test_addSessionInfo.doc’ ‘test_addTable.doc’ Flavors: r-devel-linux-x86_64-debian-clang, r-devel-linux-x86_64-debian-gcc, r-devel-linux-x86_64-fedora-clang, r-devel-linux-x86_64-fedora-gcc, r-patched-linux-x86_64, r-release-linux-x86_64