Last updated on 2025-04-30 04:50:18 CEST.
Flavor | Version | Tinstall | Tcheck | Ttotal | Status | Flags |
---|---|---|---|---|---|---|
r-devel-linux-x86_64-debian-clang | 0.0.7 | 138.32 | 29.84 | 168.16 | OK | |
r-devel-linux-x86_64-debian-gcc | 0.0.7 | 107.47 | 24.22 | 131.69 | OK | |
r-devel-linux-x86_64-fedora-clang | 0.0.7 | 286.11 | OK | |||
r-devel-linux-x86_64-fedora-gcc | 0.0.7 | 263.80 | OK | |||
r-devel-windows-x86_64 | 0.0.7 | 112.00 | 92.00 | 204.00 | OK | |
r-patched-linux-x86_64 | 0.0.7 | 140.13 | 27.41 | 167.54 | OK | |
r-release-linux-x86_64 | 0.0.7 | 140.65 | 28.04 | 168.69 | OK | |
r-release-macos-arm64 | 0.0.7 | 70.00 | OK | |||
r-release-macos-x86_64 | 0.0.7 | 91.00 | OK | |||
r-release-windows-x86_64 | 0.0.7 | 110.00 | 86.00 | 196.00 | OK | |
r-oldrel-macos-arm64 | 0.0.7 | 69.00 | NOTE | |||
r-oldrel-macos-x86_64 | 0.0.7 | 99.00 | NOTE | |||
r-oldrel-windows-x86_64 | 0.0.7 | 106.00 | 101.00 | 207.00 | NOTE |
Version: 0.0.7
Check: installed package size
Result: NOTE
installed size is 12.7Mb
sub-directories of 1Mb or more:
libs 12.6Mb
Flavors: r-oldrel-macos-arm64, r-oldrel-macos-x86_64, r-oldrel-windows-x86_64