CRAN Package Check Results for Package rtkore

Last updated on 2025-04-30 04:50:18 CEST.

Flavor Version Tinstall Tcheck Ttotal Status Flags
r-devel-linux-x86_64-debian-clang 1.6.12 18.40 60.49 78.89 OK
r-devel-linux-x86_64-debian-gcc 1.6.12 16.37 46.91 63.28 OK
r-devel-linux-x86_64-fedora-clang 1.6.12 138.09 OK
r-devel-linux-x86_64-fedora-gcc 1.6.12 148.83 OK
r-devel-windows-x86_64 1.6.12 30.00 175.00 205.00 OK
r-patched-linux-x86_64 1.6.12 23.22 58.97 82.19 OK
r-release-linux-x86_64 1.6.12 21.66 59.08 80.74 OK
r-release-macos-arm64 1.6.12 58.00 OK
r-release-macos-x86_64 1.6.12 113.00 OK
r-release-windows-x86_64 1.6.12 32.00 174.00 206.00 OK
r-oldrel-macos-arm64 1.6.12 57.00 NOTE
r-oldrel-macos-x86_64 1.6.12 114.00 NOTE
r-oldrel-windows-x86_64 1.6.12 30.00 146.00 176.00 OK

Check Details

Version: 1.6.12
Check: installed package size
Result: NOTE installed size is 6.0Mb sub-directories of 1Mb or more: libs 2.4Mb projects 2.9Mb Flavors: r-oldrel-macos-arm64, r-oldrel-macos-x86_64