CRAN Package Check Results for Package rtop

Last updated on 2025-04-30 04:50:18 CEST.

Flavor Version Tinstall Tcheck Ttotal Status Flags
r-devel-linux-x86_64-debian-clang 0.6-9 11.41 165.30 176.71 NOTE
r-devel-linux-x86_64-debian-gcc 0.6-9 7.59 111.40 118.99 NOTE
r-devel-linux-x86_64-fedora-clang 0.6-9 298.97 OK
r-devel-linux-x86_64-fedora-gcc 0.6-9 269.74 OK
r-devel-windows-x86_64 0.6-9 14.00 167.00 181.00 NOTE
r-patched-linux-x86_64 0.6-9 12.48 154.26 166.74 NOTE
r-release-linux-x86_64 0.6-9 11.70 153.83 165.53 NOTE
r-release-macos-arm64 0.6-9 71.00 OK
r-release-macos-x86_64 0.6-9 153.00 OK
r-release-windows-x86_64 0.6-9 15.00 166.00 181.00 NOTE
r-oldrel-macos-arm64 0.6-9 64.00 OK
r-oldrel-macos-x86_64 0.6-9 109.00 OK
r-oldrel-windows-x86_64 0.6-9 17.00 204.00 221.00 OK

Check Details

Version: 0.6-9
Check: Rd cross-references
Result: NOTE Found the following Rd file(s) with Rd \link{} targets missing package anchors: getRtopParams.Rd: gstat Please provide package anchors for all Rd \link{} targets not in the package itself and the base packages. Flavors: r-devel-linux-x86_64-debian-clang, r-devel-linux-x86_64-debian-gcc, r-devel-windows-x86_64, r-patched-linux-x86_64, r-release-linux-x86_64, r-release-windows-x86_64