Last updated on 2025-04-30 04:50:18 CEST.
Flavor | Version | Tinstall | Tcheck | Ttotal | Status | Flags |
---|---|---|---|---|---|---|
r-devel-linux-x86_64-debian-clang | 2.0.2 | 14.84 | 116.90 | 131.74 | NOTE | |
r-devel-linux-x86_64-debian-gcc | 2.0.2 | 9.72 | 81.69 | 91.41 | OK | |
r-devel-linux-x86_64-fedora-clang | 2.0.2 | 207.72 | OK | |||
r-devel-linux-x86_64-fedora-gcc | 2.0.2 | 236.08 | OK | |||
r-devel-windows-x86_64 | 2.0.2 | 17.00 | 118.00 | 135.00 | OK | |
r-patched-linux-x86_64 | 2.0.2 | 13.66 | 110.49 | 124.15 | OK | |
r-release-linux-x86_64 | 2.0.2 | 12.69 | 108.80 | 121.49 | OK | |
r-release-macos-arm64 | 2.0.2 | 68.00 | OK | |||
r-release-macos-x86_64 | 2.0.2 | 153.00 | OK | |||
r-release-windows-x86_64 | 2.0.2 | 14.00 | 125.00 | 139.00 | OK | |
r-oldrel-macos-arm64 | 2.0.2 | 70.00 | OK | |||
r-oldrel-macos-x86_64 | 2.0.2 | 137.00 | OK | |||
r-oldrel-windows-x86_64 | 2.0.2 | 18.00 | 149.00 | 167.00 | OK |
Version: 2.0.2
Check: examples
Result: NOTE
Examples with CPU (user + system) or elapsed time > 5s
user system elapsed
qpcrANOVAFC 3.985 0.047 5.348
Flavor: r-devel-linux-x86_64-debian-clang