Last updated on 2025-04-30 04:50:18 CEST.
Flavor | Version | Tinstall | Tcheck | Ttotal | Status | Flags |
---|---|---|---|---|---|---|
r-devel-linux-x86_64-debian-clang | 0.1.5 | 49.10 | 235.51 | 284.61 | NOTE | |
r-devel-linux-x86_64-debian-gcc | 0.1.5 | 34.91 | 143.35 | 178.26 | OK | |
r-devel-linux-x86_64-fedora-clang | 0.1.5 | 508.56 | OK | |||
r-devel-linux-x86_64-fedora-gcc | 0.1.5 | 459.49 | OK | |||
r-devel-windows-x86_64 | 0.1.5 | 50.00 | 211.00 | 261.00 | OK | |
r-patched-linux-x86_64 | 0.1.5 | 47.67 | 223.75 | 271.42 | OK | |
r-release-linux-x86_64 | 0.1.5 | 45.61 | 223.57 | 269.18 | OK | |
r-release-macos-arm64 | 0.1.5 | 102.00 | OK | |||
r-release-macos-x86_64 | 0.1.5 | 233.00 | OK | |||
r-release-windows-x86_64 | 0.1.5 | 50.00 | 207.00 | 257.00 | OK | |
r-oldrel-macos-arm64 | 0.1.5 | 99.00 | OK | |||
r-oldrel-macos-x86_64 | 0.1.5 | 183.00 | OK | |||
r-oldrel-windows-x86_64 | 0.1.5 | 61.00 | 289.00 | 350.00 | OK |
Version: 0.1.5
Check: examples
Result: NOTE
Examples with CPU (user + system) or elapsed time > 5s
user system elapsed
slope_rast 7.076 0.027 8.253
Flavor: r-devel-linux-x86_64-debian-clang