Last updated on 2025-04-30 04:50:18 CEST.
Flavor | Version | Tinstall | Tcheck | Ttotal | Status | Flags |
---|---|---|---|---|---|---|
r-devel-linux-x86_64-debian-clang | 1.1-14 | 38.60 | 254.33 | 292.93 | NOTE | |
r-devel-linux-x86_64-debian-gcc | 1.1-14 | 25.86 | 162.09 | 187.95 | NOTE | |
r-devel-linux-x86_64-fedora-clang | 1.1-14 | 511.42 | NOTE | |||
r-devel-linux-x86_64-fedora-gcc | 1.1-14 | 467.17 | NOTE | |||
r-devel-windows-x86_64 | 1.1-14 | 35.00 | 209.00 | 244.00 | NOTE | |
r-patched-linux-x86_64 | 1.1-14 | 40.88 | 238.00 | 278.88 | NOTE | |
r-release-linux-x86_64 | 1.1-14 | 38.06 | 238.44 | 276.50 | NOTE | |
r-release-macos-arm64 | 1.1-14 | 122.00 | NOTE | |||
r-release-macos-x86_64 | 1.1-14 | 271.00 | NOTE | |||
r-release-windows-x86_64 | 1.1-14 | 35.00 | 201.00 | 236.00 | NOTE | |
r-oldrel-macos-arm64 | 1.1-14 | 99.00 | NOTE | |||
r-oldrel-macos-x86_64 | 1.1-14 | 159.00 | NOTE | |||
r-oldrel-windows-x86_64 | 1.1-14 | 49.00 | 277.00 | 326.00 | NOTE |
Version: 1.1-14
Check: CRAN incoming feasibility
Result: NOTE
Maintainer: ‘Babak Naimi <naimi.b@gmail.com>’
No Authors@R field in DESCRIPTION.
Please add one, modifying
Authors@R: person(given = "Babak",
family = "Naimi",
role = c("aut", "cre"),
email = "naimi.b@gmail.com")
as necessary.
Flavors: r-devel-linux-x86_64-debian-clang, r-devel-linux-x86_64-debian-gcc
Version: 1.1-14
Check: Rd files
Result: NOTE
checkRd: (-1) rts.Rd:32: Lost braces
32 | If a name of a raster time series file is provided for the \code{x} argument, it acts the same as code{\link[rts]{read.rts}}.
| ^
Flavors: r-devel-linux-x86_64-debian-clang, r-devel-linux-x86_64-debian-gcc, r-devel-linux-x86_64-fedora-clang, r-devel-linux-x86_64-fedora-gcc, r-devel-windows-x86_64, r-patched-linux-x86_64, r-release-linux-x86_64, r-release-macos-arm64, r-release-macos-x86_64, r-release-windows-x86_64, r-oldrel-macos-arm64, r-oldrel-macos-x86_64, r-oldrel-windows-x86_64