Last updated on 2025-04-29 04:50:17 CEST.
Flavor | Version | Tinstall | Tcheck | Ttotal | Status | Flags |
---|---|---|---|---|---|---|
r-devel-linux-x86_64-debian-clang | 0.7.7 | 1385.95 | 158.34 | 1544.29 | OK | |
r-devel-linux-x86_64-debian-gcc | 0.7.7 | 1071.83 | 220.27 | 1292.10 | OK | |
r-devel-linux-x86_64-fedora-clang | 0.7.7 | 2487.44 | OK | |||
r-devel-linux-x86_64-fedora-gcc | 0.7.7 | 3463.08 | OK | |||
r-devel-windows-x86_64 | 0.7.7 | 1469.00 | 323.00 | 1792.00 | OK | |
r-patched-linux-x86_64 | 0.7.7 | 1661.68 | 301.80 | 1963.48 | OK | |
r-release-linux-x86_64 | 0.7.7 | 1637.95 | 303.89 | 1941.84 | OK | |
r-release-macos-arm64 | 0.7.7 | 635.00 | OK | |||
r-release-macos-x86_64 | 0.7.7 | 628.00 | OK | |||
r-release-windows-x86_64 | 0.7.7 | 1325.00 | 319.00 | 1644.00 | OK | |
r-oldrel-macos-arm64 | 0.7.7 | 337.00 | NOTE | |||
r-oldrel-macos-x86_64 | 0.7.7 | 259.00 | NOTE | |||
r-oldrel-windows-x86_64 | 0.7.7 | 1513.00 | 373.00 | 1886.00 | NOTE |
Version: 0.7.7
Check: package dependencies
Result: NOTE
Package suggested but not available for checking: ‘cmdstanr’
Flavors: r-oldrel-macos-arm64, r-oldrel-macos-x86_64, r-oldrel-windows-x86_64
Version: 0.7.7
Check: installed package size
Result: NOTE
installed size is 219.9Mb
sub-directories of 1Mb or more:
data 1.5Mb
libs 217.5Mb
Flavors: r-oldrel-macos-arm64, r-oldrel-macos-x86_64, r-oldrel-windows-x86_64
Version: 0.7.7
Check: for GNU extensions in Makefiles
Result: NOTE
GNU make is a SystemRequirements.
Flavors: r-oldrel-macos-arm64, r-oldrel-macos-x86_64, r-oldrel-windows-x86_64