Last updated on 2025-04-30 04:50:18 CEST.
Flavor | Version | Tinstall | Tcheck | Ttotal | Status | Flags |
---|---|---|---|---|---|---|
r-devel-linux-x86_64-debian-clang | 0.3.4 | 57.06 | 195.16 | 252.22 | OK | |
r-devel-linux-x86_64-debian-gcc | 0.3.4 | 40.47 | 140.46 | 180.93 | OK | |
r-devel-linux-x86_64-fedora-clang | 0.3.4 | 453.33 | OK | |||
r-devel-linux-x86_64-fedora-gcc | 0.3.4 | 424.57 | OK | |||
r-devel-windows-x86_64 | 0.3.4 | 75.00 | 237.00 | 312.00 | OK | |
r-patched-linux-x86_64 | 0.3.4 | 58.62 | 181.58 | 240.20 | OK | |
r-release-linux-x86_64 | 0.3.4 | 58.32 | 179.83 | 238.15 | OK | |
r-release-macos-arm64 | 0.3.4 | 122.00 | OK | |||
r-release-macos-x86_64 | 0.3.4 | 459.00 | OK | |||
r-release-windows-x86_64 | 0.3.4 | 78.00 | 227.00 | 305.00 | OK | |
r-oldrel-macos-arm64 | 0.3.4 | 73.00 | NOTE | |||
r-oldrel-macos-x86_64 | 0.3.4 | 143.00 | NOTE | |||
r-oldrel-windows-x86_64 | 0.3.4 | 79.00 | 270.00 | 349.00 | NOTE |
Version: 0.3.4
Check: for GNU extensions in Makefiles
Result: NOTE
GNU make is a SystemRequirements.
Flavors: r-oldrel-macos-arm64, r-oldrel-macos-x86_64, r-oldrel-windows-x86_64