Last updated on 2025-04-30 04:50:18 CEST.
Flavor | Version | Tinstall | Tcheck | Ttotal | Status | Flags |
---|---|---|---|---|---|---|
r-devel-linux-x86_64-debian-clang | 0.1.0 | 1.74 | 24.79 | 26.53 | NOTE | |
r-devel-linux-x86_64-debian-gcc | 0.1.0 | 1.40 | 19.25 | 20.65 | OK | |
r-devel-linux-x86_64-fedora-clang | 0.1.0 | 43.03 | OK | |||
r-devel-linux-x86_64-fedora-gcc | 0.1.0 | 41.12 | OK | |||
r-devel-windows-x86_64 | 0.1.0 | 3.00 | 51.00 | 54.00 | OK | |
r-patched-linux-x86_64 | 0.1.0 | 1.80 | 23.51 | 25.31 | OK | |
r-release-linux-x86_64 | 0.1.0 | 1.60 | 23.38 | 24.98 | OK | |
r-release-macos-arm64 | 0.1.0 | 18.00 | OK | |||
r-release-macos-x86_64 | 0.1.0 | 35.00 | OK | |||
r-release-windows-x86_64 | 0.1.0 | 3.00 | 46.00 | 49.00 | OK | |
r-oldrel-macos-arm64 | 0.1.0 | 20.00 | OK | |||
r-oldrel-macos-x86_64 | 0.1.0 | 39.00 | OK | |||
r-oldrel-windows-x86_64 | 0.1.0 | 3.00 | 46.00 | 49.00 | OK |
Version: 0.1.0
Check: examples
Result: NOTE
Examples with CPU (user + system) or elapsed time > 5s
user system elapsed
run_drt 4.032 0.313 5.637
Flavor: r-devel-linux-x86_64-debian-clang