CRAN Package Check Results for Package rusk

Last updated on 2025-04-30 04:50:18 CEST.

Flavor Version Tinstall Tcheck Ttotal Status Flags
r-devel-linux-x86_64-debian-clang 0.1.1 6.94 50.11 57.05 OK
r-devel-linux-x86_64-debian-gcc 0.1.1 4.64 35.64 40.28 OK
r-devel-linux-x86_64-fedora-clang 0.1.1 87.14 OK
r-devel-linux-x86_64-fedora-gcc 0.1.1 74.88 OK
r-devel-windows-x86_64 0.1.1 9.00 66.00 75.00 OK
r-patched-linux-x86_64 0.1.1 6.38 46.65 53.03 OK
r-release-linux-x86_64 0.1.1 6.09 46.33 52.42 OK
r-release-macos-arm64 0.1.1 27.00 OK
r-release-macos-x86_64 0.1.1 47.00 OK
r-release-windows-x86_64 0.1.1 9.00 64.00 73.00 OK
r-oldrel-macos-arm64 0.1.1 27.00 NOTE
r-oldrel-macos-x86_64 0.1.1 63.00 NOTE
r-oldrel-windows-x86_64 0.1.1 10.00 72.00 82.00 NOTE

Check Details

Version: 0.1.1
Check: LazyData
Result: NOTE 'LazyData' is specified without a 'data' directory Flavors: r-oldrel-macos-arm64, r-oldrel-macos-x86_64, r-oldrel-windows-x86_64