Last updated on 2025-04-30 04:50:18 CEST.
Flavor | Version | Tinstall | Tcheck | Ttotal | Status | Flags |
---|---|---|---|---|---|---|
r-devel-linux-x86_64-debian-clang | 1.0.4 | 1.55 | 18.13 | 19.68 | NOTE | |
r-devel-linux-x86_64-debian-gcc | 1.0.4 | 1.25 | 14.50 | 15.75 | NOTE | |
r-devel-linux-x86_64-fedora-clang | 1.0.4 | 31.94 | OK | |||
r-devel-linux-x86_64-fedora-gcc | 1.0.4 | 29.31 | OK | |||
r-devel-windows-x86_64 | 1.0.4 | 4.00 | 45.00 | 49.00 | OK | |
r-patched-linux-x86_64 | 1.0.4 | 1.72 | 17.20 | 18.92 | OK | |
r-release-linux-x86_64 | 1.0.4 | 1.33 | 17.33 | 18.66 | OK | |
r-release-macos-arm64 | 1.0.4 | 16.00 | OK | |||
r-release-macos-x86_64 | 1.0.4 | 23.00 | OK | |||
r-release-windows-x86_64 | 1.0.4 | 2.00 | 44.00 | 46.00 | OK | |
r-oldrel-macos-arm64 | 1.0.4 | 16.00 | NOTE | |||
r-oldrel-macos-x86_64 | 1.0.4 | 28.00 | NOTE | |||
r-oldrel-windows-x86_64 | 1.0.4 | 3.00 | 41.00 | 44.00 | NOTE |
Version: 1.0.4
Check: CRAN incoming feasibility
Result: NOTE
Maintainer: ‘Mauricio Santelices <m.santelicesa@gmail.com>’
No Authors@R field in DESCRIPTION.
Please add one, modifying
Authors@R: person(given = "Mauricio",
family = "Santelices",
role = c("aut", "cre"),
email = "m.santelicesa@gmail.com")
as necessary.
Flavors: r-devel-linux-x86_64-debian-clang, r-devel-linux-x86_64-debian-gcc
Version: 1.0.4
Check: LazyData
Result: NOTE
'LazyData' is specified without a 'data' directory
Flavors: r-oldrel-macos-arm64, r-oldrel-macos-x86_64, r-oldrel-windows-x86_64