Last updated on 2025-02-21 03:52:25 CET.
Flavor | Version | Tinstall | Tcheck | Ttotal | Status | Flags |
---|---|---|---|---|---|---|
r-devel-linux-x86_64-debian-clang | 0.4.1 | 5.32 | 61.77 | 67.09 | NOTE | |
r-devel-linux-x86_64-debian-gcc | 0.4.1 | 3.48 | 42.54 | 46.02 | NOTE | |
r-devel-linux-x86_64-fedora-clang | 0.4.1 | 98.66 | NOTE | |||
r-devel-linux-x86_64-fedora-gcc | 0.4.1 | 110.45 | NOTE | |||
r-devel-macos-arm64 | 0.4.1 | 32.00 | NOTE | |||
r-devel-macos-x86_64 | 0.4.1 | 64.00 | NOTE | |||
r-devel-windows-x86_64 | 0.4.1 | 5.00 | 84.00 | 89.00 | NOTE | |
r-patched-linux-x86_64 | 0.4.1 | 5.43 | 58.41 | 63.84 | NOTE | |
r-release-linux-x86_64 | 0.4.1 | 4.73 | 58.20 | 62.93 | NOTE | |
r-release-macos-arm64 | 0.4.1 | 33.00 | NOTE | |||
r-release-macos-x86_64 | 0.4.1 | 51.00 | NOTE | |||
r-release-windows-x86_64 | 0.4.1 | 6.00 | 77.00 | 83.00 | NOTE | |
r-oldrel-macos-arm64 | 0.4.1 | 33.00 | OK | |||
r-oldrel-macos-x86_64 | 0.4.1 | 52.00 | OK | |||
r-oldrel-windows-x86_64 | 0.4.1 | 7.00 | 90.00 | 97.00 | OK |
Version: 0.4.1
Check: Rd files
Result: NOTE
checkRd: (-1) HardThresh.Rd:15: Lost braces; missing escapes or markup?
15 | \code{x} filtered result (y 1_{|y|>t}).
| ^
checkRd: (-1) SoftThresh.Rd:15: Lost braces; missing escapes or markup?
15 | \code{x} filtered result (y 1_{|y|>t}).
| ^
Flavors: r-devel-linux-x86_64-debian-clang, r-devel-linux-x86_64-debian-gcc, r-devel-linux-x86_64-fedora-clang, r-devel-linux-x86_64-fedora-gcc, r-devel-macos-arm64, r-devel-macos-x86_64, r-devel-windows-x86_64, r-patched-linux-x86_64, r-release-linux-x86_64, r-release-macos-arm64, r-release-macos-x86_64, r-release-windows-x86_64