Last updated on 2025-11-04 03:51:06 CET.
| Flavor | Version | Tinstall | Tcheck | Ttotal | Status | Flags | 
|---|---|---|---|---|---|---|
| r-devel-linux-x86_64-debian-clang | 1.01 | 1.86 | 20.46 | 22.32 | NOTE | |
| r-devel-linux-x86_64-debian-gcc | 1.01 | 1.48 | 16.54 | 18.02 | NOTE | |
| r-devel-linux-x86_64-fedora-clang | 1.01 | 32.02 | NOTE | |||
| r-devel-linux-x86_64-fedora-gcc | 1.01 | 31.46 | NOTE | |||
| r-devel-windows-x86_64 | 1.01 | 3.00 | 38.00 | 41.00 | NOTE | |
| r-patched-linux-x86_64 | 1.01 | 1.79 | 19.57 | 21.36 | NOTE | |
| r-release-linux-x86_64 | 1.01 | 1.65 | 19.58 | 21.23 | NOTE | |
| r-release-macos-arm64 | 1.01 | 1.00 | 16.00 | 17.00 | NOTE | |
| r-release-macos-x86_64 | 1.01 | 2.00 | 23.00 | 25.00 | NOTE | |
| r-release-windows-x86_64 | 1.01 | 3.00 | 38.00 | 41.00 | NOTE | |
| r-oldrel-macos-arm64 | 1.01 | 1.00 | 22.00 | 23.00 | NOTE | |
| r-oldrel-macos-x86_64 | 1.01 | 2.00 | 29.00 | 31.00 | NOTE | |
| r-oldrel-windows-x86_64 | 1.01 | 4.00 | 43.00 | 47.00 | NOTE | 
Version: 1.01
Check: CRAN incoming feasibility
Result: NOTE
  Maintainer: ‘Andy South <southandy@gmail.com>’
  
  No Authors@R field in DESCRIPTION.
  Please add one, modifying
    Authors@R: person(given = "Andy",
                      family = "South",
                      role = c("aut", "cre"),
                      email = "southandy@gmail.com")
  as necessary.
Flavors: r-devel-linux-x86_64-debian-clang, r-devel-linux-x86_64-debian-gcc
Version: 1.01
Check: DESCRIPTION meta-information
Result: NOTE
  Malformed Title field: should not end in a period.
Flavors: r-devel-linux-x86_64-debian-clang, r-devel-linux-x86_64-debian-gcc, r-devel-linux-x86_64-fedora-clang, r-devel-linux-x86_64-fedora-gcc, r-devel-windows-x86_64, r-patched-linux-x86_64, r-release-linux-x86_64, r-release-macos-arm64, r-release-macos-x86_64, r-release-windows-x86_64, r-oldrel-macos-arm64, r-oldrel-macos-x86_64, r-oldrel-windows-x86_64
Version: 1.01
Check: installed package size
Result: NOTE
    installed size is  5.1Mb
    sub-directories of 1Mb or more:
      data   5.0Mb
Flavors: r-oldrel-macos-arm64, r-oldrel-macos-x86_64, r-oldrel-windows-x86_64