Last updated on 2025-04-30 04:50:18 CEST.
Flavor | Version | Tinstall | Tcheck | Ttotal | Status | Flags |
---|---|---|---|---|---|---|
r-devel-linux-x86_64-debian-clang | 2.0.13 | 396.44 | 28.74 | 425.18 | OK | |
r-devel-linux-x86_64-debian-gcc | 2.0.13 | 371.69 | 88.80 | 460.49 | OK | |
r-devel-linux-x86_64-fedora-clang | 2.0.13 | 918.02 | OK | |||
r-devel-linux-x86_64-fedora-gcc | 2.0.13 | 1052.95 | OK | |||
r-devel-windows-x86_64 | 2.0.13 | 590.00 | 106.00 | 696.00 | OK | |
r-patched-linux-x86_64 | 2.0.13 | 490.74 | 119.62 | 610.36 | OK | |
r-release-linux-x86_64 | 2.0.13 | 497.71 | 118.80 | 616.51 | OK | |
r-release-macos-arm64 | 2.0.13 | 186.00 | OK | |||
r-release-macos-x86_64 | 2.0.13 | 148.00 | OK | |||
r-release-windows-x86_64 | 2.0.13 | 588.00 | 108.00 | 696.00 | OK | |
r-oldrel-macos-arm64 | 2.0.13 | 89.00 | NOTE | |||
r-oldrel-macos-x86_64 | 2.0.13 | 74.00 | NOTE | |||
r-oldrel-windows-x86_64 | 2.0.13 | 586.00 | 110.00 | 696.00 | OK |
Version: 2.0.13
Check: installed package size
Result: NOTE
installed size is 13.9Mb
sub-directories of 1Mb or more:
libs 13.8Mb
Flavors: r-oldrel-macos-arm64, r-oldrel-macos-x86_64