Last updated on 2025-02-21 03:52:25 CET.
Flavor | Version | Tinstall | Tcheck | Ttotal | Status | Flags |
---|---|---|---|---|---|---|
r-devel-linux-x86_64-debian-clang | 2.0.13 | 392.83 | 26.98 | 419.81 | OK | |
r-devel-linux-x86_64-debian-gcc | 2.0.13 | 365.63 | 93.87 | 459.50 | OK | |
r-devel-linux-x86_64-fedora-clang | 2.0.13 | 845.98 | OK | |||
r-devel-linux-x86_64-fedora-gcc | 2.0.13 | 1046.45 | OK | |||
r-devel-macos-arm64 | 2.0.13 | 160.00 | OK | |||
r-devel-macos-x86_64 | 2.0.13 | 145.00 | OK | |||
r-devel-windows-x86_64 | 2.0.13 | 486.00 | 96.00 | 582.00 | OK | |
r-patched-linux-x86_64 | 2.0.13 | 492.40 | 116.09 | 608.49 | OK | |
r-release-linux-x86_64 | 2.0.13 | 494.39 | 111.60 | 605.99 | OK | |
r-release-macos-arm64 | 2.0.13 | 89.00 | NOTE | |||
r-release-macos-x86_64 | 2.0.13 | 74.00 | NOTE | |||
r-release-windows-x86_64 | 2.0.13 | 496.00 | 94.00 | 590.00 | OK | |
r-oldrel-macos-arm64 | 2.0.13 | 151.00 | NOTE | |||
r-oldrel-macos-x86_64 | 2.0.13 | 156.00 | NOTE | |||
r-oldrel-windows-x86_64 | 2.0.13 | 585.00 | 108.00 | 693.00 | OK |
Version: 2.0.13
Check: installed package size
Result: NOTE
installed size is 13.9Mb
sub-directories of 1Mb or more:
libs 13.8Mb
Flavors: r-release-macos-arm64, r-release-macos-x86_64, r-oldrel-macos-arm64, r-oldrel-macos-x86_64